Last updated on 2024-05-02 11:51:31 CEST.
Flavor | Version | Tinstall | Tcheck | Ttotal | Status | Flags |
---|---|---|---|---|---|---|
r-devel-linux-x86_64-debian-clang | 5.0.0 | 18.40 | 268.37 | 286.77 | OK | |
r-devel-linux-x86_64-debian-gcc | 5.0.0 | 15.24 | 191.55 | 206.79 | OK | |
r-devel-linux-x86_64-fedora-clang | 5.0.0 | 342.71 | NOTE | |||
r-devel-linux-x86_64-fedora-gcc | 5.0.0 | 345.06 | OK | |||
r-devel-windows-x86_64 | 5.0.0 | 18.00 | 246.00 | 264.00 | OK | |
r-patched-linux-x86_64 | 5.0.0 | 17.03 | 250.49 | 267.52 | OK | |
r-release-linux-x86_64 | 5.0.0 | 15.43 | 253.47 | 268.90 | OK | |
r-release-macos-arm64 | 5.0.0 | 103.00 | OK | |||
r-release-windows-x86_64 | 5.0.0 | 19.00 | 242.00 | 261.00 | OK | |
r-oldrel-macos-arm64 | 5.0.0 | 98.00 | OK | |||
r-oldrel-macos-x86_64 | 5.0.0 | 231.00 | OK | |||
r-oldrel-windows-x86_64 | 5.0.0 | 23.00 | 245.00 | 268.00 | OK |
Version: 5.0.0
Check: Rd cross-references
Result: NOTE
Undeclared package ‘sp’ in Rd xrefs
Flavor: r-devel-linux-x86_64-fedora-clang