Last updated on 2024-08-31 22:49:46 CEST.
Flavor | Version | Tinstall | Tcheck | Ttotal | Status | Flags |
---|---|---|---|---|---|---|
r-devel-linux-x86_64-debian-clang | 0.1.2 | 24.37 | 203.38 | 227.75 | OK | |
r-devel-linux-x86_64-debian-gcc | 0.1.2 | 15.78 | 122.54 | 138.32 | OK | |
r-devel-linux-x86_64-fedora-clang | 0.1.2 | 358.80 | NOTE | |||
r-devel-linux-x86_64-fedora-gcc | 0.1.2 | 335.58 | NOTE | |||
r-devel-windows-x86_64 | 0.1.2 | 23.00 | 156.00 | 179.00 | OK | |
r-patched-linux-x86_64 | 0.1.2 | 23.63 | 187.73 | 211.36 | OK | |
r-release-linux-x86_64 | 0.1.2 | 25.18 | 187.40 | 212.58 | OK | |
r-release-macos-arm64 | 0.1.2 | 79.00 | OK | |||
r-release-macos-x86_64 | 0.1.2 | 176.00 | OK | |||
r-release-windows-x86_64 | 0.1.2 | 23.00 | 158.00 | 181.00 | OK | |
r-oldrel-macos-arm64 | 0.1.2 | 32.00 | OK | |||
r-oldrel-macos-x86_64 | 0.1.2 | 48.00 | OK | |||
r-oldrel-windows-x86_64 | 0.1.2 | 31.00 | 209.00 | 240.00 | OK |
Version: 0.1.2
Check: data for non-ASCII characters
Result: NOTE
Note: found 2 marked UTF-8 strings
Flavors: r-devel-linux-x86_64-fedora-clang, r-devel-linux-x86_64-fedora-gcc