CRAN Package Check Results for Package proPubBills

Last updated on 2025-04-29 16:52:42 CEST.

Flavor Version Tinstall Tcheck Ttotal Status Flags
r-devel-linux-x86_64-debian-clang 0.1 3.63 35.67 39.30 NOTE
r-devel-linux-x86_64-debian-gcc 0.1 2.52 26.18 28.70 NOTE
r-devel-linux-x86_64-fedora-clang 0.1 61.82 OK
r-devel-linux-x86_64-fedora-gcc 0.1 73.25 OK
r-devel-windows-x86_64 0.1 6.00 53.00 59.00 OK
r-patched-linux-x86_64 0.1 3.58 33.24 36.82 OK
r-release-linux-x86_64 0.1 3.44 33.48 36.92 OK
r-release-macos-arm64 0.1 28.00 OK
r-release-macos-x86_64 0.1 86.00 OK
r-release-windows-x86_64 0.1 5.00 54.00 59.00 OK
r-oldrel-macos-arm64 0.1 27.00 OK
r-oldrel-macos-x86_64 0.1 40.00 OK
r-oldrel-windows-x86_64 0.1 6.00 59.00 65.00 OK

Check Details

Version: 0.1
Check: CRAN incoming feasibility
Result: NOTE Maintainer: ‘Nadine Fischoff <nadine.khattak@gmail.com>’ No Authors@R field in DESCRIPTION. Please add one, modifying Authors@R: person(given = "Nadine", family = "Fischoff", role = c("aut", "cre"), email = "nadine.khattak@gmail.com") as necessary. Found the following \keyword or \concept entries which likely give several index terms: File ‘getBills.Rd’: \keyword{api,} \keyword{congress,} \keyword{propublica,} Flavors: r-devel-linux-x86_64-debian-clang, r-devel-linux-x86_64-debian-gcc