CRAN Package Check Results for Package processpredictR

Last updated on 2025-04-30 17:54:07 CEST.

Flavor Version Tinstall Tcheck Ttotal Status Flags
r-devel-linux-x86_64-debian-clang 0.1.0 13.48 124.89 138.37 NOTE
r-devel-linux-x86_64-debian-gcc 0.1.0 10.08 86.62 96.70 NOTE
r-devel-linux-x86_64-fedora-clang 0.1.0 202.31 OK
r-devel-linux-x86_64-fedora-gcc 0.1.0 203.40 OK
r-devel-windows-x86_64 0.1.0 15.00 126.00 141.00 NOTE
r-patched-linux-x86_64 0.1.0 13.21 114.34 127.55 NOTE
r-release-linux-x86_64 0.1.0 14.32 113.36 127.68 NOTE
r-release-macos-arm64 0.1.0 63.00 OK
r-release-macos-x86_64 0.1.0 146.00 OK
r-release-windows-x86_64 0.1.0 15.00 116.00 131.00 NOTE
r-oldrel-macos-arm64 0.1.0 60.00 OK
r-oldrel-macos-x86_64 0.1.0 92.00 OK
r-oldrel-windows-x86_64 0.1.0 19.00 151.00 170.00 OK

Check Details

Version: 0.1.0
Check: CRAN incoming feasibility
Result: NOTE Maintainer: ‘Gert Janssenswillen <gert.janssenswillen@uhasselt.be>’ The Description field contains Monitoring with Transformer Network" <arXiv:2104.00721>. Please refer to arXiv e-prints via their arXiv DOI <doi:10.48550/arXiv.YYMM.NNNNN>. Flavors: r-devel-linux-x86_64-debian-clang, r-devel-linux-x86_64-debian-gcc

Version: 0.1.0
Check: Rd cross-references
Result: NOTE Found the following Rd file(s) with Rd \link{} targets missing package anchors: prepare_examples.Rd: grouped_log, eventlog, activitylog Please provide package anchors for all Rd \link{} targets not in the package itself and the base packages. Flavors: r-devel-linux-x86_64-debian-clang, r-devel-linux-x86_64-debian-gcc, r-devel-windows-x86_64, r-patched-linux-x86_64, r-release-linux-x86_64, r-release-windows-x86_64