Last updated on 2024-05-02 08:57:52 CEST.
Flavor | Version | Tinstall | Tcheck | Ttotal | Status | Flags |
---|---|---|---|---|---|---|
r-devel-linux-x86_64-debian-clang | 1.1.0 | 11.50 | 67.79 | 79.29 | NOTE | |
r-devel-linux-x86_64-debian-gcc | 1.1.0 | 10.13 | 47.96 | 58.09 | NOTE | |
r-devel-linux-x86_64-fedora-clang | 1.1.0 | 94.88 | NOTE | |||
r-devel-linux-x86_64-fedora-gcc | 1.1.0 | 91.28 | NOTE | |||
r-devel-windows-x86_64 | 1.1.0 | 10.00 | 63.00 | 73.00 | NOTE | |
r-patched-linux-x86_64 | 1.1.0 | 9.86 | 63.03 | 72.89 | NOTE | |
r-release-linux-x86_64 | 1.1.0 | 8.99 | 64.87 | 73.86 | NOTE | |
r-release-macos-arm64 | 1.1.0 | 26.00 | NOTE | |||
r-release-windows-x86_64 | 1.1.0 | 10.00 | 64.00 | 74.00 | NOTE | |
r-oldrel-macos-arm64 | 1.1.0 | 27.00 | OK | |||
r-oldrel-macos-x86_64 | 1.1.0 | 44.00 | OK | |||
r-oldrel-windows-x86_64 | 1.1.0 | 14.00 | 70.00 | 84.00 | OK |
Version: 1.1.0
Check: Rd files
Result: NOTE
checkRd: (-1) paasche.Rd:91: Lost braces
91 | \code{OSME} \tab Output-oriented scale-mix efficiency score \emph{(code{orientation = "out"})}\cr
| ^
Flavors: r-devel-linux-x86_64-debian-clang, r-devel-linux-x86_64-debian-gcc, r-devel-linux-x86_64-fedora-clang, r-devel-linux-x86_64-fedora-gcc, r-devel-windows-x86_64, r-patched-linux-x86_64, r-release-linux-x86_64, r-release-macos-arm64, r-release-windows-x86_64