Last updated on 2023-11-30 11:49:37 CET.
Flavor | Version | Tinstall | Tcheck | Ttotal | Status | Flags |
---|---|---|---|---|---|---|
r-devel-linux-x86_64-debian-clang | 2.7.0 | 50.54 | 422.67 | 473.21 | NOTE | |
r-devel-linux-x86_64-debian-gcc | 2.7.0 | 36.85 | 302.66 | 339.51 | NOTE | |
r-devel-linux-x86_64-fedora-clang | 2.7.0 | 567.76 | NOTE | |||
r-devel-linux-x86_64-fedora-gcc | 2.7.0 | 602.63 | NOTE | |||
r-devel-windows-x86_64 | 2.7.0 | 41.00 | 314.00 | 355.00 | NOTE | |
r-patched-linux-x86_64 | 2.7.0 | 38.47 | 400.17 | 438.64 | NOTE | |
r-release-linux-x86_64 | 2.7.0 | 33.82 | 402.21 | 436.03 | NOTE | |
r-release-macos-arm64 | 2.7.0 | 151.00 | NOTE | |||
r-release-macos-x86_64 | 2.7.0 | 274.00 | NOTE | |||
r-release-windows-x86_64 | 2.7.0 | 55.00 | 426.00 | 481.00 | NOTE | |
r-oldrel-macos-arm64 | 2.7.0 | 138.00 | NOTE | |||
r-oldrel-macos-x86_64 | 2.7.0 | 209.00 | NOTE | |||
r-oldrel-windows-x86_64 | 2.7.0 | 51.00 | 413.00 | 464.00 | NOTE |
Version: 2.7.0
Check: package dependencies
Result: NOTE
Package suggested but not available for checking: ‘cmdstanr’
Flavors: r-devel-linux-x86_64-debian-clang, r-devel-linux-x86_64-debian-gcc, r-devel-linux-x86_64-fedora-clang, r-devel-linux-x86_64-fedora-gcc, r-devel-windows-x86_64, r-patched-linux-x86_64, r-release-linux-x86_64, r-release-macos-arm64, r-release-macos-x86_64, r-release-windows-x86_64, r-oldrel-macos-arm64, r-oldrel-macos-x86_64, r-oldrel-windows-x86_64
Version: 2.7.0
Check: Rd cross-references
Result: NOTE
Undeclared package ‘unix’ in Rd xrefs
Flavor: r-devel-linux-x86_64-fedora-clang