Last updated on 2025-02-04 16:49:21 CET.
Flavor | Version | Tinstall | Tcheck | Ttotal | Status | Flags |
---|---|---|---|---|---|---|
r-devel-linux-x86_64-debian-clang | 1.0 | 2.01 | 22.27 | 24.28 | OK | |
r-devel-linux-x86_64-debian-gcc | 1.0 | 1.47 | 17.68 | 19.15 | OK | |
r-devel-linux-x86_64-fedora-clang | 1.0 | 41.89 | OK | |||
r-devel-linux-x86_64-fedora-gcc | 1.0 | 52.85 | OK | |||
r-devel-windows-x86_64 | 1.0 | 4.00 | 45.00 | 49.00 | OK | |
r-patched-linux-x86_64 | 1.0 | 2.04 | 20.92 | 22.96 | NOTE | |
r-release-linux-x86_64 | 1.0 | 1.82 | 21.13 | 22.95 | NOTE | |
r-release-macos-arm64 | 1.0 | 84.00 | NOTE | |||
r-release-macos-x86_64 | 1.0 | 34.00 | NOTE | |||
r-release-windows-x86_64 | 1.0 | 3.00 | 43.00 | 46.00 | NOTE | |
r-oldrel-macos-arm64 | 1.0 | 23.00 | NOTE | |||
r-oldrel-macos-x86_64 | 1.0 | 34.00 | NOTE | |||
r-oldrel-windows-x86_64 | 1.0 | 4.00 | 45.00 | 49.00 | NOTE |
Version: 1.0
Check: package dependencies
Result: NOTE
Package suggested but not available for checking: ‘rdt’
Flavors: r-patched-linux-x86_64, r-release-linux-x86_64, r-release-macos-arm64, r-release-macos-x86_64, r-release-windows-x86_64, r-oldrel-macos-arm64, r-oldrel-macos-x86_64, r-oldrel-windows-x86_64
Version: 1.0
Check: LazyData
Result: NOTE
'LazyData' is specified without a 'data' directory
Flavors: r-patched-linux-x86_64, r-release-linux-x86_64, r-release-macos-arm64, r-release-macos-x86_64, r-release-windows-x86_64, r-oldrel-macos-arm64, r-oldrel-macos-x86_64, r-oldrel-windows-x86_64