Last updated on 2024-05-02 11:51:31 CEST.
Flavor | Version | Tinstall | Tcheck | Ttotal | Status | Flags |
---|---|---|---|---|---|---|
r-devel-linux-x86_64-debian-clang | 0.4-27 | 4.99 | 40.98 | 45.97 | OK | |
r-devel-linux-x86_64-debian-gcc | 0.4-27 | 3.95 | 29.80 | 33.75 | OK | |
r-devel-linux-x86_64-fedora-clang | 0.4-27 | 57.79 | OK | |||
r-devel-linux-x86_64-fedora-gcc | 0.4-27 | 68.06 | OK | |||
r-devel-windows-x86_64 | 0.4-27 | 1.00 | 5.00 | 6.00 | ERROR | |
r-patched-linux-x86_64 | 0.4-27 | 5.17 | 37.92 | 43.09 | OK | |
r-release-linux-x86_64 | 0.4-27 | 6.21 | 38.91 | 45.12 | OK | |
r-release-macos-arm64 | 0.4-27 | 26.00 | OK | |||
r-release-windows-x86_64 | 0.4-27 | 9.00 | 69.00 | 78.00 | OK | |
r-oldrel-macos-arm64 | 0.4-27 | 32.00 | OK | |||
r-oldrel-macos-x86_64 | 0.4-27 | 45.00 | OK | |||
r-oldrel-windows-x86_64 | 0.4-27 | 10.00 | 65.00 | 75.00 | OK |
Version: 0.4-27
Check: whether package can be installed
Result: ERROR
Installation failed.
Flavor: r-devel-windows-x86_64