Last updated on 2025-04-29 15:50:25 CEST.
Flavor | Version | Tinstall | Tcheck | Ttotal | Status | Flags |
---|---|---|---|---|---|---|
r-devel-linux-x86_64-debian-clang | 1.2 | 3.25 | 44.49 | 47.74 | NOTE | |
r-devel-linux-x86_64-debian-gcc | 1.2 | 2.26 | 32.88 | 35.14 | NOTE | |
r-devel-linux-x86_64-fedora-clang | 1.2 | 80.02 | OK | |||
r-devel-linux-x86_64-fedora-gcc | 1.2 | 74.44 | OK | |||
r-devel-windows-x86_64 | 1.2 | 5.00 | 60.00 | 65.00 | OK | |
r-patched-linux-x86_64 | 1.2 | 2.99 | 41.42 | 44.41 | OK | |
r-release-linux-x86_64 | 1.2 | 3.19 | 40.81 | 44.00 | OK | |
r-release-macos-arm64 | 1.2 | 35.00 | OK | |||
r-release-macos-x86_64 | 1.2 | 51.00 | OK | |||
r-release-windows-x86_64 | 1.2 | 6.00 | 61.00 | 67.00 | OK | |
r-oldrel-macos-arm64 | 1.2 | 31.00 | OK | |||
r-oldrel-macos-x86_64 | 1.2 | 48.00 | OK | |||
r-oldrel-windows-x86_64 | 1.2 | 6.00 | 68.00 | 74.00 | OK |
Version: 1.2
Check: examples
Result: NOTE
Examples with CPU (user + system) or elapsed time > 5s
user system elapsed
biber 5.274 0.342 6.158
Flavor: r-devel-linux-x86_64-debian-clang
Version: 1.2
Check: examples
Result: NOTE
Examples with CPU (user + system) or elapsed time > 5s
user system elapsed
biber 3.836 0.555 5.643
Flavor: r-devel-linux-x86_64-debian-gcc