Last updated on 2024-05-02 06:11:58 CEST.
Flavor | Version | Tinstall | Tcheck | Ttotal | Status | Flags |
---|---|---|---|---|---|---|
r-devel-linux-x86_64-debian-clang | 1.0.2 | 8.49 | 92.63 | 101.12 | NOTE | |
r-devel-linux-x86_64-debian-gcc | 1.0.2 | 7.54 | 67.62 | 75.16 | NOTE | |
r-devel-linux-x86_64-fedora-clang | 1.0.2 | 133.58 | NOTE | |||
r-devel-linux-x86_64-fedora-gcc | 1.0.2 | 125.64 | NOTE | |||
r-devel-windows-x86_64 | 1.0.2 | 9.00 | 80.00 | 89.00 | NOTE | |
r-patched-linux-x86_64 | 1.0.2 | 9.52 | 85.75 | 95.27 | NOTE | |
r-release-linux-x86_64 | 1.0.2 | 11.16 | 88.56 | 99.72 | NOTE | |
r-release-macos-arm64 | 1.0.2 | 38.00 | NOTE | |||
r-release-windows-x86_64 | 1.0.2 | 10.00 | 80.00 | 90.00 | NOTE | |
r-oldrel-macos-arm64 | 1.0.2 | 41.00 | NOTE | |||
r-oldrel-macos-x86_64 | 1.0.2 | 66.00 | NOTE | |||
r-oldrel-windows-x86_64 | 1.0.2 | 12.00 | 98.00 | 110.00 | NOTE |
Version: 1.0.2
Check: LazyData
Result: NOTE
'LazyData' is specified without a 'data' directory
Flavors: r-devel-linux-x86_64-debian-clang, r-devel-linux-x86_64-debian-gcc, r-devel-linux-x86_64-fedora-clang, r-devel-linux-x86_64-fedora-gcc, r-devel-windows-x86_64, r-patched-linux-x86_64, r-release-linux-x86_64, r-release-macos-arm64, r-release-windows-x86_64, r-oldrel-macos-arm64, r-oldrel-macos-x86_64, r-oldrel-windows-x86_64