CRAN Package Check Results for Package pushbar

Last updated on 2025-02-04 16:49:21 CET.

Flavor Version Tinstall Tcheck Ttotal Status Flags
r-devel-linux-x86_64-debian-clang 0.1.0 2.75 29.88 32.63 OK
r-devel-linux-x86_64-debian-gcc 0.1.0 2.31 23.33 25.64 OK
r-devel-linux-x86_64-fedora-clang 0.1.0 53.72 OK
r-devel-linux-x86_64-fedora-gcc 0.1.0 50.67 OK
r-devel-windows-x86_64 0.1.0 5.00 56.00 61.00 OK
r-patched-linux-x86_64 0.1.0 3.20 28.56 31.76 NOTE
r-release-linux-x86_64 0.1.0 3.11 28.61 31.72 NOTE
r-release-macos-arm64 0.1.0 22.00 NOTE
r-release-macos-x86_64 0.1.0 32.00 NOTE
r-release-windows-x86_64 0.1.0 4.00 54.00 58.00 NOTE
r-oldrel-macos-arm64 0.1.0 20.00 NOTE
r-oldrel-macos-x86_64 0.1.0 28.00 NOTE
r-oldrel-windows-x86_64 0.1.0 5.00 58.00 63.00 NOTE

Check Details

Version: 0.1.0
Check: LazyData
Result: NOTE 'LazyData' is specified without a 'data' directory Flavors: r-patched-linux-x86_64, r-release-linux-x86_64, r-release-macos-arm64, r-release-macos-x86_64, r-release-windows-x86_64, r-oldrel-macos-arm64, r-oldrel-macos-x86_64, r-oldrel-windows-x86_64