Last updated on 2023-12-01 02:53:44 CET.
Flavor | Version | Tinstall | Tcheck | Ttotal | Status | Flags |
---|---|---|---|---|---|---|
r-devel-linux-x86_64-debian-clang | 1.3.4 | 17.86 | 397.20 | 415.06 | OK | |
r-devel-linux-x86_64-debian-gcc | 1.3.4 | 13.31 | 315.41 | 328.72 | OK | |
r-devel-linux-x86_64-fedora-clang | 1.3.4 | 505.21 | NOTE | |||
r-devel-linux-x86_64-fedora-gcc | 1.3.4 | 526.63 | OK | |||
r-devel-windows-x86_64 | 1.3.4 | 16.00 | 362.00 | 378.00 | NOTE | |
r-patched-linux-x86_64 | 1.3.4 | 15.29 | 400.78 | 416.07 | OK | |
r-release-linux-x86_64 | 1.3.4 | 14.40 | 401.05 | 415.45 | OK | |
r-release-macos-arm64 | 1.3.4 | 235.00 | NOTE | |||
r-release-macos-x86_64 | 1.3.4 | 375.00 | NOTE | |||
r-release-windows-x86_64 | 1.3.4 | 23.00 | 412.00 | 435.00 | NOTE | |
r-oldrel-macos-arm64 | 1.3.4 | 210.00 | NOTE | |||
r-oldrel-macos-x86_64 | 1.3.4 | 247.00 | NOTE | |||
r-oldrel-windows-x86_64 | 1.3.4 | 24.00 | 410.00 | 434.00 | NOTE |
Version: 1.3.4
Check: installed package size
Result: NOTE
installed size is 5.9Mb
sub-directories of 1Mb or more:
doc 5.2Mb
Flavors: r-devel-linux-x86_64-fedora-clang, r-devel-windows-x86_64, r-release-macos-arm64, r-release-macos-x86_64, r-release-windows-x86_64, r-oldrel-macos-arm64, r-oldrel-macos-x86_64, r-oldrel-windows-x86_64