CRAN Package Check Results for Package qualtRics

Last updated on 2023-11-30 18:49:41 CET.

Flavor Version Tinstall Tcheck Ttotal Status Flags
r-devel-linux-x86_64-debian-clang 3.1.7 8.80 79.12 87.92 NOTE
r-devel-linux-x86_64-debian-gcc 3.1.7 5.68 58.28 63.96 NOTE
r-devel-linux-x86_64-fedora-clang 3.1.7 110.08 NOTE
r-devel-linux-x86_64-fedora-gcc 3.1.7 119.10 NOTE
r-devel-windows-x86_64 3.1.7 9.00 80.00 89.00 NOTE
r-patched-linux-x86_64 3.1.7 6.39 73.77 80.16 OK
r-release-linux-x86_64 3.1.7 7.48 72.73 80.21 OK
r-release-macos-arm64 3.1.7 41.00 OK
r-release-macos-x86_64 3.1.7 61.00 OK
r-release-windows-x86_64 3.1.7 11.00 96.00 107.00 OK
r-oldrel-macos-arm64 3.1.7 40.00 OK
r-oldrel-macos-x86_64 3.1.7 50.00 OK
r-oldrel-windows-x86_64 3.1.7 12.00 91.00 103.00 OK

Check Details

Version: 3.1.7
Check: Rd \usage sections
Result: NOTE Documented arguments not in \usage in Rd file 'export_responses_filedownload.Rd': ‘requestID’ Functions with \usage entries need to have the appropriate \alias entries, and all their arguments documented. The \usage entries must correspond to syntactically valid R code. See chapter ‘Writing R documentation files’ in the ‘Writing R Extensions’ manual. Flavors: r-devel-linux-x86_64-debian-clang, r-devel-linux-x86_64-debian-gcc, r-devel-linux-x86_64-fedora-clang, r-devel-linux-x86_64-fedora-gcc, r-devel-windows-x86_64