Last updated on 2023-12-09 08:49:54 CET.
Flavor | Version | Tinstall | Tcheck | Ttotal | Status | Flags |
---|---|---|---|---|---|---|
r-devel-linux-x86_64-debian-clang | 0.2.4 | 41.32 | 145.01 | 186.33 | WARN | |
r-devel-linux-x86_64-debian-gcc | 0.2.4 | 34.11 | 104.56 | 138.67 | NOTE | |
r-devel-linux-x86_64-fedora-clang | 0.2.4 | 226.52 | WARN | |||
r-devel-linux-x86_64-fedora-gcc | 0.2.4 | 211.50 | NOTE | |||
r-devel-windows-x86_64 | 0.2.4 | 39.00 | 129.00 | 168.00 | NOTE | |
r-patched-linux-x86_64 | 0.2.4 | 35.07 | 125.53 | 160.60 | NOTE | |
r-release-linux-x86_64 | 0.2.4 | 32.05 | 121.48 | 153.53 | NOTE | |
r-release-macos-arm64 | 0.2.4 | 59.00 | NOTE | |||
r-release-macos-x86_64 | 0.2.4 | 89.00 | NOTE | |||
r-release-windows-x86_64 | 0.2.4 | 50.00 | 156.00 | 206.00 | NOTE | |
r-oldrel-macos-arm64 | 0.2.4 | 51.00 | OK | |||
r-oldrel-macos-x86_64 | 0.2.4 | 86.00 | OK | |||
r-oldrel-windows-x86_64 | 0.2.4 | 49.00 | 139.00 | 188.00 | OK |
Version: 0.2.4
Check: whether package can be installed
Result: WARN
Found the following significant warnings:
RcppExports.cpp:46:18: warning: format string is not a string literal (potentially insecure) [-Wformat-security]
RcppExports.cpp:82:18: warning: format string is not a string literal (potentially insecure) [-Wformat-security]
RcppExports.cpp:118:18: warning: format string is not a string literal (potentially insecure) [-Wformat-security]
RcppExports.cpp:152:18: warning: format string is not a string literal (potentially insecure) [-Wformat-security]
RcppExports.cpp:186:18: warning: format string is not a string literal (potentially insecure) [-Wformat-security]
RcppExports.cpp:221:18: warning: format string is not a string literal (potentially insecure) [-Wformat-security]
RcppExports.cpp:258:18: warning: format string is not a string literal (potentially insecure) [-Wformat-security]
RcppExports.cpp:294:18: warning: format string is not a string literal (potentially insecure) [-Wformat-security]
RcppExports.cpp:328:18: warning: format string is not a string literal (potentially insecure) [-Wformat-security]
RcppExports.cpp:362:18: warning: format string is not a string literal (potentially insecure) [-Wformat-security]
RcppExports.cpp:396:18: warning: format string is not a string literal (potentially insecure) [-Wformat-security]
RcppExports.cpp:431:18: warning: format string is not a string literal (potentially insecure) [-Wformat-security]
RcppExports.cpp:467:18: warning: format string is not a string literal (potentially insecure) [-Wformat-security]
See ‘/home/hornik/tmp/R.check/r-devel-clang/Work/PKGS/rENA.Rcheck/00install.out’ for details.
* used C++ compiler: ‘Debian clang version 17.0.5 (1)’
Flavor: r-devel-linux-x86_64-debian-clang
Version: 0.2.4
Check: Rd files
Result: NOTE
checkRd: (-1) ena.plot.group.Rd:44: Escaped LaTeX specials: \$
checkRd: (-1) ena.plot.group.Rd:46: Escaped LaTeX specials: \$
checkRd: (-1) ena.plot.group.Rd:48: Escaped LaTeX specials: \$
checkRd: (-1) ena.plot.trajectory.Rd:38: Escaped LaTeX specials: \$
checkRd: (-1) ena.plot.trajectory.Rd:40: Escaped LaTeX specials: \$
checkRd: (-1) ena.plot.trajectory.Rd:42: Escaped LaTeX specials: \$
Flavors: r-devel-linux-x86_64-debian-clang, r-devel-linux-x86_64-debian-gcc, r-devel-linux-x86_64-fedora-clang, r-devel-linux-x86_64-fedora-gcc, r-devel-windows-x86_64, r-patched-linux-x86_64, r-release-linux-x86_64, r-release-macos-arm64, r-release-macos-x86_64, r-release-windows-x86_64
Version: 0.2.4
Check: whether package can be installed
Result: WARN
Found the following significant warnings:
RcppExports.cpp:46:18: warning: format string is not a string literal (potentially insecure) [-Wformat-security]
RcppExports.cpp:82:18: warning: format string is not a string literal (potentially insecure) [-Wformat-security]
RcppExports.cpp:118:18: warning: format string is not a string literal (potentially insecure) [-Wformat-security]
RcppExports.cpp:152:18: warning: format string is not a string literal (potentially insecure) [-Wformat-security]
RcppExports.cpp:186:18: warning: format string is not a string literal (potentially insecure) [-Wformat-security]
RcppExports.cpp:221:18: warning: format string is not a string literal (potentially insecure) [-Wformat-security]
RcppExports.cpp:258:18: warning: format string is not a string literal (potentially insecure) [-Wformat-security]
RcppExports.cpp:294:18: warning: format string is not a string literal (potentially insecure) [-Wformat-security]
RcppExports.cpp:328:18: warning: format string is not a string literal (potentially insecure) [-Wformat-security]
RcppExports.cpp:362:18: warning: format string is not a string literal (potentially insecure) [-Wformat-security]
RcppExports.cpp:396:18: warning: format string is not a string literal (potentially insecure) [-Wformat-security]
RcppExports.cpp:431:18: warning: format string is not a string literal (potentially insecure) [-Wformat-security]
RcppExports.cpp:467:18: warning: format string is not a string literal (potentially insecure) [-Wformat-security]
See ‘/data/gannet/ripley/R/packages/tests-clang/rENA.Rcheck/00install.out’ for details.
* used C++ compiler: ‘clang version 17.0.5’
Flavor: r-devel-linux-x86_64-fedora-clang
Version: 0.2.4
Check: C++ specification
Result: NOTE
Specified C++11: please drop specification unless essential
Flavors: r-devel-windows-x86_64, r-release-windows-x86_64