Last updated on 2025-02-04 16:49:22 CET.
Flavor | Version | Tinstall | Tcheck | Ttotal | Status | Flags |
---|---|---|---|---|---|---|
r-devel-linux-x86_64-debian-clang | 1.1.2 | 7.37 | 120.05 | 127.42 | NOTE | |
r-devel-linux-x86_64-debian-gcc | 1.1.2 | 5.86 | 87.84 | 93.70 | NOTE | |
r-devel-linux-x86_64-fedora-clang | 1.1.2 | 205.75 | NOTE | |||
r-devel-linux-x86_64-fedora-gcc | 1.1.2 | 223.04 | NOTE | |||
r-devel-windows-x86_64 | 1.1.2 | 8.00 | 144.00 | 152.00 | NOTE | |
r-patched-linux-x86_64 | 1.1.2 | 8.11 | 116.13 | 124.24 | NOTE | |
r-release-linux-x86_64 | 1.1.2 | 7.55 | 115.48 | 123.03 | NOTE | |
r-release-macos-arm64 | 1.1.2 | 68.00 | NOTE | |||
r-release-macos-x86_64 | 1.1.2 | 129.00 | NOTE | |||
r-release-windows-x86_64 | 1.1.2 | 8.00 | 142.00 | 150.00 | NOTE | |
r-oldrel-macos-arm64 | 1.1.2 | 84.00 | OK | |||
r-oldrel-macos-x86_64 | 1.1.2 | 152.00 | OK | |||
r-oldrel-windows-x86_64 | 1.1.2 | 10.00 | 162.00 | 172.00 | OK |
Version: 1.1.2
Check: Rd files
Result: NOTE
checkRd: (-1) calc_pve.Rd:41: Lost braces in \itemize; \value handles \item{}{} directly
checkRd: (-1) calc_pve.Rd:42: Lost braces in \itemize; \value handles \item{}{} directly
checkRd: (-1) calc_pve.Rd:43: Lost braces in \itemize; \value handles \item{}{} directly
checkRd: (-1) calc_pve.Rd:44: Lost braces in \itemize; \value handles \item{}{} directly
checkRd: (-1) decompose_genoprobs.Rd:17: Lost braces in \itemize; \value handles \item{}{} directly
checkRd: (-1) decompose_genoprobs.Rd:18: Lost braces in \itemize; \value handles \item{}{} directly
checkRd: (-1) decompose_genoprobs.Rd:19: Lost braces in \itemize; \value handles \item{}{} directly
checkRd: (-1) eff_neighbor.Rd:44: Lost braces in \itemize; \value handles \item{}{} directly
checkRd: (-1) eff_neighbor.Rd:45: Lost braces in \itemize; \value handles \item{}{} directly
checkRd: (-1) eff_neighbor.Rd:46: Lost braces in \itemize; \value handles \item{}{} directly
checkRd: (-1) eff_neighbor.Rd:47: Lost braces in \itemize; \value handles \item{}{} directly
checkRd: (-1) eff_neighbor.Rd:48: Lost braces in \itemize; \value handles \item{}{} directly
checkRd: (-1) eff_neighbor.Rd:49: Lost braces in \itemize; \value handles \item{}{} directly
checkRd: (-1) int_neighbor.Rd:44: Lost braces in \itemize; \value handles \item{}{} directly
checkRd: (-1) int_neighbor.Rd:45: Lost braces in \itemize; \value handles \item{}{} directly
checkRd: (-1) int_neighbor.Rd:46: Lost braces in \itemize; \value handles \item{}{} directly
checkRd: (-1) scan_neighbor.Rd:41: Lost braces in \itemize; \value handles \item{}{} directly
checkRd: (-1) scan_neighbor.Rd:42: Lost braces in \itemize; \value handles \item{}{} directly
checkRd: (-1) scan_neighbor.Rd:43: Lost braces in \itemize; \value handles \item{}{} directly
checkRd: (-1) scan_neighbor.Rd:44: Lost braces in \itemize; \value handles \item{}{} directly
checkRd: (-1) sim_nei_qtl.Rd:38: Lost braces in \itemize; \value handles \item{}{} directly
checkRd: (-1) sim_nei_qtl.Rd:39: Lost braces in \itemize; \value handles \item{}{} directly
checkRd: (-1) sim_nei_qtl.Rd:40: Lost braces in \itemize; \value handles \item{}{} directly
Flavors: r-devel-linux-x86_64-debian-clang, r-devel-linux-x86_64-debian-gcc, r-devel-linux-x86_64-fedora-clang, r-devel-linux-x86_64-fedora-gcc, r-devel-windows-x86_64, r-patched-linux-x86_64, r-release-linux-x86_64, r-release-macos-arm64, r-release-macos-x86_64, r-release-windows-x86_64
Version: 1.1.2
Check: dependencies in R code
Result: NOTE
Namespace in Imports field not imported from: ‘qtl’
All declared Imports should be used.
Flavors: r-devel-linux-x86_64-fedora-clang, r-devel-linux-x86_64-fedora-gcc