Last updated on 2025-02-04 15:49:23 CET.
Flavor | Version | Tinstall | Tcheck | Ttotal | Status | Flags |
---|---|---|---|---|---|---|
r-devel-linux-x86_64-debian-clang | 0.2.4 | 279.37 | 230.54 | 509.91 | OK | |
r-devel-linux-x86_64-debian-gcc | 0.2.4 | 237.61 | 188.13 | 425.74 | OK | |
r-devel-linux-x86_64-fedora-clang | 0.2.4 | 781.69 | NOTE | |||
r-devel-linux-x86_64-fedora-gcc | 0.2.4 | 1039.10 | NOTE | |||
r-devel-windows-x86_64 | 0.2.4 | 241.00 | 252.00 | 493.00 | OK | |
r-patched-linux-x86_64 | 0.2.4 | 297.53 | 306.87 | 604.40 | NOTE | |
r-release-linux-x86_64 | 0.2.4 | 298.27 | 251.49 | 549.76 | NOTE | |
r-release-macos-arm64 | 0.2.4 | 114.00 | NOTE | |||
r-release-macos-x86_64 | 0.2.4 | 168.00 | NOTE | |||
r-release-windows-x86_64 | 0.2.4 | 240.00 | 254.00 | 494.00 | NOTE | |
r-oldrel-macos-arm64 | 0.2.4 | 150.00 | NOTE | |||
r-oldrel-macos-x86_64 | 0.2.4 | 355.00 | NOTE | |||
r-oldrel-windows-x86_64 | 0.2.4 | 318.00 | 301.00 | 619.00 | NOTE |
Version: 0.2.4
Check: dependencies in R code
Result: NOTE
Namespace in Imports field not imported from: ‘rstantools’
All declared Imports should be used.
Flavors: r-devel-linux-x86_64-fedora-clang, r-devel-linux-x86_64-fedora-gcc
Version: 0.2.4
Check: for GNU extensions in Makefiles
Result: NOTE
GNU make is a SystemRequirements.
Flavors: r-patched-linux-x86_64, r-release-linux-x86_64, r-release-macos-arm64, r-release-macos-x86_64, r-release-windows-x86_64, r-oldrel-macos-arm64, r-oldrel-macos-x86_64, r-oldrel-windows-x86_64
Version: 0.2.4
Check: installed package size
Result: NOTE
installed size is 88.8Mb
sub-directories of 1Mb or more:
libs 87.7Mb
Flavors: r-release-macos-arm64, r-release-macos-x86_64, r-oldrel-macos-arm64, r-oldrel-macos-x86_64