Last updated on 2024-05-02 02:57:54 CEST.
Flavor | Version | Tinstall | Tcheck | Ttotal | Status | Flags |
---|---|---|---|---|---|---|
r-devel-linux-x86_64-debian-clang | 1.3.2-1 | 16.72 | 116.29 | 133.01 | NOTE | |
r-devel-linux-x86_64-debian-gcc | 1.3.2-1 | 13.30 | 81.96 | 95.26 | NOTE | |
r-devel-linux-x86_64-fedora-clang | 1.3.2-1 | 162.44 | NOTE | |||
r-devel-linux-x86_64-fedora-gcc | 1.3.2-1 | 161.43 | NOTE | |||
r-devel-windows-x86_64 | 1.3.2-1 | 18.00 | 124.00 | 142.00 | NOTE | |
r-patched-linux-x86_64 | 1.3.2-1 | 15.47 | 106.75 | 122.22 | NOTE | |
r-release-linux-x86_64 | 1.3.2-1 | 12.04 | 105.60 | 117.64 | NOTE | |
r-release-macos-arm64 | 1.3.2-1 | 46.00 | NOTE | |||
r-release-windows-x86_64 | 1.3.2-1 | 18.00 | 123.00 | 141.00 | NOTE | |
r-oldrel-macos-arm64 | 1.3.2-1 | 46.00 | NOTE | |||
r-oldrel-macos-x86_64 | 1.3.2-1 | 80.00 | NOTE | |||
r-oldrel-windows-x86_64 | 1.3.2-1 | 21.00 | 141.00 | 162.00 | NOTE |
Version: 1.3.2-1
Check: Rd files
Result: NOTE
checkRd: (-1) as.tg.Rd:18: Lost braces; missing escapes or markup?
18 | Renames the \code{class(tg)["name"]} attribute and sets {class(tg)["type"] <- "TextGrid"} (if it is not already set)
| ^
Flavors: r-devel-linux-x86_64-debian-clang, r-devel-linux-x86_64-debian-gcc, r-devel-linux-x86_64-fedora-clang, r-devel-linux-x86_64-fedora-gcc, r-devel-windows-x86_64, r-patched-linux-x86_64, r-release-linux-x86_64, r-release-macos-arm64, r-release-windows-x86_64
Version: 1.3.2-1
Check: LazyData
Result: NOTE
'LazyData' is specified without a 'data' directory
Flavors: r-devel-linux-x86_64-debian-clang, r-devel-linux-x86_64-debian-gcc, r-devel-linux-x86_64-fedora-clang, r-devel-linux-x86_64-fedora-gcc, r-devel-windows-x86_64, r-patched-linux-x86_64, r-release-linux-x86_64, r-release-macos-arm64, r-release-windows-x86_64, r-oldrel-macos-arm64, r-oldrel-macos-x86_64, r-oldrel-windows-x86_64