CRAN Package Check Results for Package ranktreeEnsemble

Last updated on 2024-06-13 11:48:24 CEST.

Flavor Version Tinstall Tcheck Ttotal Status Flags
r-devel-linux-x86_64-debian-clang 0.23 27.58 84.75 112.33 OK
r-devel-linux-x86_64-debian-gcc 0.23 0.28 1.59 1.87 ERROR
r-devel-linux-x86_64-fedora-clang 0.23 147.88 OK
r-devel-linux-x86_64-fedora-gcc 0.23 142.08 OK
r-devel-windows-x86_64 0.23 25.00 92.00 117.00 OK
r-patched-linux-x86_64 0.23 29.77 82.54 112.31 OK
r-release-linux-x86_64 0.23 18.49 81.43 99.92 OK
r-release-macos-arm64 0.23 43.00 OK
r-release-macos-x86_64 0.23 62.00 OK
r-release-windows-x86_64 0.23 25.00 95.00 120.00 OK
r-oldrel-macos-arm64 0.23 55.00 OK
r-oldrel-macos-x86_64 0.23 83.00 OK
r-oldrel-windows-x86_64 0.23 32.00 115.00 147.00 OK

Check Details

Version: 0.23
Check: package dependencies
Result: ERROR Package required but not available: ‘randomForestSRC’ See section ‘The DESCRIPTION file’ in the ‘Writing R Extensions’ manual. Flavor: r-devel-linux-x86_64-debian-gcc