CRAN Package Check Results for Package rbtc

Last updated on 2024-06-13 10:49:07 CEST.

Flavor Version Tinstall Tcheck Ttotal Status Flags
r-devel-linux-x86_64-debian-clang 0.1-6 6.61 46.50 53.11 NOTE
r-devel-linux-x86_64-debian-gcc 0.1-6 4.94 34.58 39.52 NOTE
r-devel-linux-x86_64-fedora-clang 0.1-6 65.23 NOTE
r-devel-linux-x86_64-fedora-gcc 0.1-6 61.68 NOTE
r-devel-windows-x86_64 0.1-6 7.00 67.00 74.00 NOTE
r-patched-linux-x86_64 0.1-6 10.90 44.44 55.34 NOTE
r-release-linux-x86_64 0.1-6 5.46 44.80 50.26 NOTE
r-release-macos-arm64 0.1-6 21.00 NOTE
r-release-macos-x86_64 0.1-6 31.00 NOTE
r-release-windows-x86_64 0.1-6 7.00 69.00 76.00 NOTE
r-oldrel-macos-arm64 0.1-6 24.00 NOTE
r-oldrel-macos-x86_64 0.1-6 35.00 NOTE
r-oldrel-windows-x86_64 0.1-6 9.00 74.00 83.00 NOTE

Check Details

Version: 0.1-6
Check: Rd files
Result: NOTE checkRd: (-1) ecoperators-methods.Rd:50: Lost braces in \itemize; meant \describe ? checkRd: (-1) ecoperators-methods.Rd:51: Lost braces in \itemize; meant \describe ? checkRd: (-1) ecoperators-methods.Rd:52: Lost braces in \itemize; meant \describe ? checkRd: (-1) ecoperators-methods.Rd:53: Lost braces in \itemize; meant \describe ? checkRd: (-1) ecoperators-methods.Rd:54: Lost braces in \itemize; meant \describe ? Flavors: r-devel-linux-x86_64-debian-clang, r-devel-linux-x86_64-debian-gcc, r-devel-linux-x86_64-fedora-clang, r-devel-linux-x86_64-fedora-gcc, r-devel-windows-x86_64, r-patched-linux-x86_64, r-release-linux-x86_64, r-release-macos-arm64, r-release-macos-x86_64, r-release-windows-x86_64

Version: 0.1-6
Check: LazyData
Result: NOTE 'LazyData' is specified without a 'data' directory Flavors: r-devel-linux-x86_64-debian-clang, r-devel-linux-x86_64-debian-gcc, r-devel-linux-x86_64-fedora-clang, r-devel-linux-x86_64-fedora-gcc, r-devel-windows-x86_64, r-patched-linux-x86_64, r-release-linux-x86_64, r-release-macos-arm64, r-release-macos-x86_64, r-release-windows-x86_64, r-oldrel-macos-arm64, r-oldrel-macos-x86_64, r-oldrel-windows-x86_64

Version: 0.1-6
Check: HTML version of manual
Result: NOTE Found the following HTML validation problems: getblock.html:58:1 (getblock.Rd:23): Warning: trimming empty <h3> getrawtransaction.html:57:1 (getrawtransaction.Rd:22): Warning: trimming empty <h3> Flavors: r-devel-linux-x86_64-debian-clang, r-devel-linux-x86_64-debian-gcc, r-devel-linux-x86_64-fedora-clang, r-devel-linux-x86_64-fedora-gcc, r-devel-windows-x86_64, r-patched-linux-x86_64, r-release-linux-x86_64, r-release-windows-x86_64