Last updated on 2025-02-04 20:49:26 CET.
Flavor | Version | Tinstall | Tcheck | Ttotal | Status | Flags |
---|---|---|---|---|---|---|
r-devel-linux-x86_64-debian-clang | 1.1.7 | 2.96 | 27.57 | 30.53 | OK | |
r-devel-linux-x86_64-debian-gcc | 1.1.7 | 2.29 | 21.15 | 23.44 | OK | |
r-devel-linux-x86_64-fedora-clang | 1.1.7 | 51.88 | NOTE | |||
r-devel-linux-x86_64-fedora-gcc | 1.1.7 | 47.43 | NOTE | |||
r-devel-windows-x86_64 | 1.1.7 | 4.00 | 52.00 | 56.00 | OK | |
r-patched-linux-x86_64 | 1.1.7 | 2.96 | 25.98 | 28.94 | NOTE | |
r-release-linux-x86_64 | 1.1.7 | 2.06 | 26.14 | 28.20 | NOTE | |
r-release-macos-arm64 | 1.1.7 | 19.00 | NOTE | |||
r-release-macos-x86_64 | 1.1.7 | 29.00 | NOTE | |||
r-release-windows-x86_64 | 1.1.7 | 3.00 | 50.00 | 53.00 | NOTE | |
r-oldrel-macos-arm64 | 1.1.7 | 20.00 | NOTE | |||
r-oldrel-macos-x86_64 | 1.1.7 | 28.00 | NOTE | |||
r-oldrel-windows-x86_64 | 1.1.7 | 5.00 | 51.00 | 56.00 | NOTE |
Version: 1.1.7
Check: dependencies in R code
Result: NOTE
Namespace in Imports field not imported from: ‘rlemon’
All declared Imports should be used.
Flavors: r-devel-linux-x86_64-fedora-clang, r-devel-linux-x86_64-fedora-gcc
Version: 1.1.7
Check: package dependencies
Result: NOTE
Package suggested but not available for checking: ‘rrelaxiv’
Flavors: r-patched-linux-x86_64, r-release-linux-x86_64, r-release-macos-arm64, r-release-macos-x86_64, r-release-windows-x86_64, r-oldrel-macos-arm64, r-oldrel-macos-x86_64, r-oldrel-windows-x86_64