CRAN Package Check Results for Package readit

Last updated on 2025-01-13 16:49:23 CET.

Flavor Version Tinstall Tcheck Ttotal Status Flags
r-devel-linux-x86_64-debian-clang 1.0.0 3.99 39.41 43.40 OK
r-devel-linux-x86_64-fedora-clang 1.0.0 69.81 OK
r-devel-linux-x86_64-fedora-gcc 1.0.0 68.10 OK
r-devel-windows-x86_64 1.0.0 5.00 58.00 63.00 OK
r-patched-linux-x86_64 1.0.0 3.83 36.67 40.50 NOTE
r-release-linux-x86_64 1.0.0 4.04 37.66 41.70 NOTE
r-release-macos-arm64 1.0.0 24.00 NOTE
r-release-macos-x86_64 1.0.0 34.00 NOTE
r-release-windows-x86_64 1.0.0 5.00 58.00 63.00 NOTE
r-oldrel-macos-arm64 1.0.0 29.00 NOTE
r-oldrel-macos-x86_64 1.0.0 40.00 NOTE
r-oldrel-windows-x86_64 1.0.0 6.00 63.00 69.00 NOTE

Check Details

Version: 1.0.0
Check: LazyData
Result: NOTE 'LazyData' is specified without a 'data' directory Flavors: r-patched-linux-x86_64, r-release-linux-x86_64, r-release-macos-arm64, r-release-macos-x86_64, r-release-windows-x86_64, r-oldrel-macos-arm64, r-oldrel-macos-x86_64, r-oldrel-windows-x86_64