Last updated on 2024-07-27 18:57:05 CEST.
Flavor | Version | Tinstall | Tcheck | Ttotal | Status | Flags |
---|---|---|---|---|---|---|
r-devel-linux-x86_64-debian-clang | 2.16.0 | 51.42 | 264.06 | 315.48 | OK | |
r-devel-linux-x86_64-debian-gcc | 2.16.0 | OK | ||||
r-devel-linux-x86_64-fedora-clang | 2.16.0 | 285.56 | OK | |||
r-devel-linux-x86_64-fedora-gcc | 2.16.0 | 415.01 | OK | |||
r-devel-windows-x86_64 | 2.16.0 | 45.00 | 264.00 | 309.00 | OK | |
r-patched-linux-x86_64 | 2.16.0 | OK | ||||
r-release-linux-x86_64 | 2.16.0 | 54.14 | 255.83 | 309.97 | OK | |
r-release-macos-arm64 | 2.16.0 | 134.00 | NOTE | |||
r-release-macos-x86_64 | 2.16.0 | 360.00 | NOTE | |||
r-release-windows-x86_64 | 2.16.0 | 48.00 | 258.00 | 306.00 | OK | |
r-oldrel-macos-arm64 | 2.16.0 | 222.00 | NOTE | |||
r-oldrel-macos-x86_64 | 2.16.0 | 400.00 | NOTE | |||
r-oldrel-windows-x86_64 | 2.16.0 | 47.00 | 249.00 | 296.00 | OK |
Version: 2.16.0
Check: installed package size
Result: NOTE
installed size is 5.5Mb
sub-directories of 1Mb or more:
R 2.1Mb
data 1.7Mb
Flavors: r-release-macos-arm64, r-release-macos-x86_64, r-oldrel-macos-arm64, r-oldrel-macos-x86_64