Last updated on 2025-04-30 08:53:07 CEST.
Flavor | Version | Tinstall | Tcheck | Ttotal | Status | Flags |
---|---|---|---|---|---|---|
r-devel-linux-x86_64-debian-clang | 0.3.2 | 2.58 | 61.24 | 63.82 | NOTE | |
r-devel-linux-x86_64-debian-gcc | 0.3.2 | 1.95 | 44.05 | 46.00 | NOTE | |
r-devel-linux-x86_64-fedora-clang | 0.3.2 | 96.61 | NOTE | |||
r-devel-linux-x86_64-fedora-gcc | 0.3.2 | 104.71 | NOTE | |||
r-devel-windows-x86_64 | 0.3.2 | 4.00 | 79.00 | 83.00 | NOTE | |
r-patched-linux-x86_64 | 0.3.2 | 2.60 | 57.93 | 60.53 | NOTE | |
r-release-linux-x86_64 | 0.3.2 | 2.17 | 57.36 | 59.53 | NOTE | |
r-release-macos-arm64 | 0.3.2 | 39.00 | NOTE | |||
r-release-macos-x86_64 | 0.3.2 | 66.00 | NOTE | |||
r-release-windows-x86_64 | 0.3.2 | 6.00 | 73.00 | 79.00 | NOTE | |
r-oldrel-macos-arm64 | 0.3.2 | 42.00 | OK | |||
r-oldrel-macos-x86_64 | 0.3.2 | 95.00 | OK | |||
r-oldrel-windows-x86_64 | 0.3.2 | 5.00 | 92.00 | 97.00 | OK |
Version: 0.3.2
Check: DESCRIPTION meta-information
Result: NOTE
Missing dependency on R >= 4.1.0 because package code uses the pipe
|> or function shorthand \(...) syntax added in R 4.1.0.
File(s) using such syntax:
‘gg_CD_local.R’ ‘gg_PIT_local.R’
Flavors: r-devel-linux-x86_64-debian-clang, r-devel-linux-x86_64-debian-gcc, r-devel-linux-x86_64-fedora-clang, r-devel-linux-x86_64-fedora-gcc, r-devel-windows-x86_64, r-patched-linux-x86_64, r-release-linux-x86_64, r-release-macos-arm64, r-release-macos-x86_64, r-release-windows-x86_64
Version: 0.3.2
Check: examples
Result: NOTE
Examples with CPU (user + system) or elapsed time > 5s
user system elapsed
gg_CD_local 11.132 0.12 13.009
Flavor: r-devel-linux-x86_64-debian-clang
Version: 0.3.2
Check: examples
Result: NOTE
Examples with CPU (user + system) or elapsed time > 5s
user system elapsed
gg_CD_local 6.843 0.135 8.2
Flavor: r-devel-linux-x86_64-debian-gcc