CRAN Package Check Results for Package receptiviti

Last updated on 2025-04-29 16:52:44 CEST.

Flavor Version Tinstall Tcheck Ttotal Status Flags
r-devel-linux-x86_64-debian-clang 0.1.8 2.77 28.32 31.09 OK
r-devel-linux-x86_64-debian-gcc 0.1.8 2.01 22.88 24.89 OK
r-devel-linux-x86_64-fedora-clang 0.1.8 45.72 OK
r-devel-linux-x86_64-fedora-gcc 0.1.8 43.63 OK
r-devel-windows-x86_64 0.1.8 4.00 49.00 53.00 OK
r-patched-linux-x86_64 0.1.8 2.29 26.24 28.53 OK
r-release-linux-x86_64 0.1.8 2.32 25.96 28.28 OK
r-release-macos-arm64 0.1.8 23.00 OK
r-release-macos-x86_64 0.1.8 35.00 OK
r-release-windows-x86_64 0.1.8 4.00 50.00 54.00 OK
r-oldrel-macos-arm64 0.1.8 21.00 OK
r-oldrel-macos-x86_64 0.1.8 33.00 NOTE
r-oldrel-windows-x86_64 0.1.8 4.00 52.00 56.00 OK

Check Details

Version: 0.1.8
Check: package dependencies
Result: NOTE Package suggested but not available for checking: ‘arrow’ Flavor: r-oldrel-macos-x86_64

Version: 0.1.8
Check: Rd cross-references
Result: NOTE Package unavailable to check Rd xrefs: ‘arrow’ Flavor: r-oldrel-macos-x86_64