Last updated on 2025-04-29 16:52:44 CEST.
Flavor | Version | Tinstall | Tcheck | Ttotal | Status | Flags |
---|---|---|---|---|---|---|
r-devel-linux-x86_64-debian-clang | 0.3.0 | 39.77 | 62.27 | 102.04 | NOTE | |
r-devel-linux-x86_64-debian-gcc | 0.3.0 | 32.06 | 46.59 | 78.65 | NOTE | |
r-devel-linux-x86_64-fedora-clang | 0.3.0 | 173.60 | OK | |||
r-devel-linux-x86_64-fedora-gcc | 0.3.0 | 190.94 | OK | |||
r-devel-windows-x86_64 | 0.3.0 | 47.00 | 96.00 | 143.00 | OK | |
r-patched-linux-x86_64 | 0.3.0 | 45.41 | 58.02 | 103.43 | OK | |
r-release-linux-x86_64 | 0.3.0 | 45.64 | 58.22 | 103.86 | OK | |
r-release-macos-arm64 | 0.3.0 | 52.00 | OK | |||
r-release-macos-x86_64 | 0.3.0 | 76.00 | OK | |||
r-release-windows-x86_64 | 0.3.0 | 50.00 | 99.00 | 149.00 | OK | |
r-oldrel-macos-arm64 | 0.3.0 | 54.00 | NOTE | |||
r-oldrel-macos-x86_64 | 0.3.0 | 69.00 | NOTE | |||
r-oldrel-windows-x86_64 | 0.3.0 | 42.00 | 115.00 | 157.00 | OK |
Version: 0.3.0
Check: examples
Result: NOTE
Examples with CPU (user + system) or elapsed time > 5s
user system elapsed
posdeclist 11.735 0.061 13.651
Flavor: r-devel-linux-x86_64-debian-clang
Version: 0.3.0
Check: examples
Result: NOTE
Examples with CPU (user + system) or elapsed time > 5s
user system elapsed
posdeclist 6.046 0.042 6.809
Flavor: r-devel-linux-x86_64-debian-gcc
Version: 0.3.0
Check: installed package size
Result: NOTE
installed size is 5.1Mb
sub-directories of 1Mb or more:
doc 2.5Mb
libs 2.5Mb
Flavors: r-oldrel-macos-arm64, r-oldrel-macos-x86_64