Last updated on 2024-07-27 16:49:18 CEST.
Flavor | Version | Tinstall | Tcheck | Ttotal | Status | Flags |
---|---|---|---|---|---|---|
r-devel-linux-x86_64-debian-clang | 0.5.0 | 21.41 | 77.96 | 99.37 | OK | |
r-devel-linux-x86_64-debian-gcc | 0.5.0 | NOTE | ||||
r-devel-linux-x86_64-fedora-clang | 0.5.0 | 153.91 | OK | |||
r-devel-linux-x86_64-fedora-gcc | 0.5.0 | 140.95 | OK | |||
r-devel-windows-x86_64 | 0.5.0 | 19.00 | 114.00 | 133.00 | NOTE | |
r-patched-linux-x86_64 | 0.5.0 | OK | ||||
r-release-linux-x86_64 | 0.5.0 | 17.39 | 75.76 | 93.15 | OK | |
r-release-macos-arm64 | 0.5.0 | 56.00 | OK | |||
r-release-macos-x86_64 | 0.5.0 | 79.00 | OK | |||
r-release-windows-x86_64 | 0.5.0 | 27.00 | 115.00 | 142.00 | OK | |
r-oldrel-macos-arm64 | 0.5.0 | 63.00 | OK | |||
r-oldrel-macos-x86_64 | 0.5.0 | 158.00 | OK | |||
r-oldrel-windows-x86_64 | 0.5.0 | 23.00 | 133.00 | 156.00 | OK |
Version: 0.5.0
Check: Rd cross-references
Result: NOTE
Found the following Rd file(s) with Rd \link{} targets missing package
anchors:
add_from_x.Rd: data.table
comparators.Rd: stringdist
compare_pairs.Rd: data.table
compare_vars.Rd: data.table
get_inspect_pairs.Rd: data.table
pair.Rd: data.table
pair_blocking.Rd: data.table
pair_minsim.Rd: data.table
Please provide package anchors for all Rd \link{} targets not in the
package itself and the base packages.
Flavors: r-devel-linux-x86_64-debian-gcc, r-devel-windows-x86_64