Last updated on 2025-04-30 07:55:18 CEST.
Flavor | Version | Tinstall | Tcheck | Ttotal | Status | Flags |
---|---|---|---|---|---|---|
r-devel-linux-x86_64-debian-clang | 1.0.7 | 81.23 | 76.48 | 157.71 | NOTE | |
r-devel-linux-x86_64-debian-gcc | 1.0.7 | 61.26 | 56.43 | 117.69 | NOTE | |
r-devel-linux-x86_64-fedora-clang | 1.0.9 | 336.26 | OK | |||
r-devel-linux-x86_64-fedora-gcc | 1.0.9 | 315.17 | OK | |||
r-devel-windows-x86_64 | 1.0.7 | 100.00 | 119.00 | 219.00 | OK | |
r-patched-linux-x86_64 | 1.0.7 | 85.01 | 72.26 | 157.27 | OK | |
r-release-linux-x86_64 | 1.0.7 | 85.84 | 74.94 | 160.78 | OK | |
r-release-macos-arm64 | 1.0.9 | 80.00 | OK | |||
r-release-macos-x86_64 | 1.0.9 | 120.00 | OK | |||
r-release-windows-x86_64 | 1.0.9 | 90.00 | 123.00 | 213.00 | OK | |
r-oldrel-macos-arm64 | 1.0.9 | 81.00 | NOTE | |||
r-oldrel-macos-x86_64 | 1.0.9 | 133.00 | NOTE | |||
r-oldrel-windows-x86_64 | 1.0.7 | 107.00 | 148.00 | 255.00 | OK |
Version: 1.0.7
Check: CRAN incoming feasibility
Result: NOTE
Maintainer: ‘Christopher T. Kenny <christopherkenny@fas.harvard.edu>’
The URL field contains the following bad parts:
https::/github.com/alarm-redist/redistmetrics/
The URL field should be a list of URLs separated by commas or
whitespace.
Flavors: r-devel-linux-x86_64-debian-clang, r-devel-linux-x86_64-debian-gcc
Version: 1.0.9
Check: installed package size
Result: NOTE
installed size is 5.3Mb
sub-directories of 1Mb or more:
libs 4.6Mb
Flavors: r-oldrel-macos-arm64, r-oldrel-macos-x86_64