Last updated on 2024-03-28 09:51:54 CET.
Flavor | Version | Tinstall | Tcheck | Ttotal | Status | Flags |
---|---|---|---|---|---|---|
r-devel-linux-x86_64-debian-clang | 1.3.0 | 49.01 | 70.83 | 119.84 | OK | |
r-devel-linux-x86_64-debian-gcc | 1.3.0 | 50.72 | 52.12 | 102.84 | OK | |
r-devel-linux-x86_64-fedora-clang | 1.3.0 | 170.02 | OK | |||
r-devel-linux-x86_64-fedora-gcc | 1.3.0 | 183.68 | OK | |||
r-devel-windows-x86_64 | 1.3.0 | 48.00 | 93.00 | 141.00 | OK | |
r-patched-linux-x86_64 | 1.3.0 | 56.85 | 68.38 | 125.23 | OK | |
r-release-linux-x86_64 | 1.3.0 | 60.68 | 67.65 | 128.33 | OK | |
r-release-macos-arm64 | 1.3.0 | 55.00 | NOTE | |||
r-release-macos-x86_64 | 1.3.0 | 122.00 | NOTE | |||
r-release-windows-x86_64 | 1.3.0 | 60.00 | 109.00 | 169.00 | OK | |
r-oldrel-macos-arm64 | 1.3.0 | 54.00 | NOTE | |||
r-oldrel-windows-x86_64 | 1.3.0 | 56.00 | 107.00 | 163.00 | OK |
Version: 1.3.0
Check: installed package size
Result: NOTE
installed size is 6.2Mb
sub-directories of 1Mb or more:
libs 6.0Mb
Flavors: r-release-macos-arm64, r-release-macos-x86_64, r-oldrel-macos-arm64