CRAN Package Check Results for Package relliptical

Last updated on 2023-09-25 05:01:34 CEST.

Flavor Version Tinstall Tcheck Ttotal Status Flags
r-devel-linux-x86_64-debian-clang 1.2.0 61.39 68.26 129.65 NOTE
r-devel-linux-x86_64-debian-gcc 1.2.0 44.40 51.95 96.35 NOTE
r-devel-linux-x86_64-fedora-clang 1.2.0 181.80 NOTE
r-devel-linux-x86_64-fedora-gcc 1.2.0 178.02 NOTE
r-devel-windows-x86_64 1.2.0 46.00 95.00 141.00 NOTE
r-patched-linux-x86_64 1.2.0 64.01 66.15 130.16 NOTE
r-release-linux-x86_64 1.2.0 54.06 66.97 121.03 NOTE
r-release-macos-arm64 1.2.0 50.00 NOTE
r-release-macos-x86_64 1.2.0 80.00 NOTE
r-release-windows-x86_64 1.2.0 61.00 105.00 166.00 NOTE
r-oldrel-macos-arm64 1.2.0 55.00 NOTE
r-oldrel-macos-x86_64 1.2.0 59.00 NOTE
r-oldrel-windows-x86_64 1.2.0 54.00 102.00 156.00 OK

Check Details

Version: 1.2.0
Check: C++ specification
Result: NOTE
     Specified C++11: please drop specification unless essential
Flavors: r-devel-linux-x86_64-debian-clang, r-devel-linux-x86_64-debian-gcc, r-devel-linux-x86_64-fedora-clang, r-devel-linux-x86_64-fedora-gcc, r-devel-windows-x86_64, r-patched-linux-x86_64, r-release-linux-x86_64, r-release-macos-arm64, r-release-macos-x86_64, r-release-windows-x86_64

Version: 1.2.0
Check: package subdirectories
Result: NOTE
    Problems with news in ‘NEWS.md’:
    No news entries found.
Flavors: r-devel-linux-x86_64-debian-clang, r-devel-linux-x86_64-debian-gcc, r-devel-linux-x86_64-fedora-clang, r-devel-linux-x86_64-fedora-gcc, r-devel-windows-x86_64, r-patched-linux-x86_64, r-release-linux-x86_64, r-release-macos-arm64, r-release-macos-x86_64, r-release-windows-x86_64

Version: 1.2.0
Check: installed package size
Result: NOTE
     installed size is 6.7Mb
     sub-directories of 1Mb or more:
     libs 6.5Mb
Flavors: r-release-macos-arm64, r-release-macos-x86_64, r-oldrel-macos-arm64, r-oldrel-macos-x86_64