CRAN Package Check Results for Package remotePARTS

Last updated on 2025-04-29 10:50:46 CEST.

Flavor Version Tinstall Tcheck Ttotal Status Flags
r-devel-linux-x86_64-debian-clang 1.0.4 83.41 267.65 351.06 NOTE
r-devel-linux-x86_64-debian-gcc 1.0.4 64.60 196.80 261.40 OK
r-devel-linux-x86_64-fedora-clang 1.0.4 588.08 OK
r-devel-linux-x86_64-fedora-gcc 1.0.4 641.64 OK
r-devel-windows-x86_64 1.0.4 85.00 318.00 403.00 OK
r-patched-linux-x86_64 1.0.4 89.84 283.25 373.09 OK
r-release-linux-x86_64 1.0.4 90.12 282.50 372.62 OK
r-release-macos-arm64 1.0.4 201.00 OK
r-release-macos-x86_64 1.0.4 360.00 OK
r-release-windows-x86_64 1.0.4 86.00 314.00 400.00 OK
r-oldrel-macos-arm64 1.0.4 181.00 NOTE
r-oldrel-macos-x86_64 1.0.4 279.00 NOTE
r-oldrel-windows-x86_64 1.0.4 97.00 408.00 505.00 OK

Check Details

Version: 1.0.4
Check: examples
Result: NOTE Examples with CPU (user + system) or elapsed time > 5s user system elapsed partGLS 4.642 0.089 5.303 Flavor: r-devel-linux-x86_64-debian-clang

Version: 1.0.4
Check: installed package size
Result: NOTE installed size is 25.2Mb sub-directories of 1Mb or more: libs 23.8Mb Flavors: r-oldrel-macos-arm64, r-oldrel-macos-x86_64