CRAN Package Check Results for Package revealjs

Last updated on 2024-07-19 15:57:28 CEST.

Flavor Version Tinstall Tcheck Ttotal Status Flags
r-devel-linux-x86_64-debian-clang 0.9 3.16 32.48 35.64 OK
r-devel-linux-x86_64-debian-gcc 0.9 2.99 25.04 28.03 OK
r-devel-linux-x86_64-fedora-clang 0.9 45.28 OK
r-devel-linux-x86_64-fedora-gcc 0.9 42.33 OK
r-devel-windows-x86_64 0.9 5.00 48.00 53.00 NOTE
r-patched-linux-x86_64 0.9 8.51 30.69 39.20 OK
r-release-linux-x86_64 0.9 4.00 30.61 34.61 OK
r-release-macos-arm64 0.9 18.00 OK
r-release-macos-x86_64 0.9 28.00 OK
r-release-windows-x86_64 0.9 5.00 46.00 51.00 OK
r-oldrel-macos-arm64 0.9 18.00 OK
r-oldrel-macos-x86_64 0.9 24.00 OK
r-oldrel-windows-x86_64 0.9 7.00 49.00 56.00 OK

Check Details

Version: 0.9
Check: Rd cross-references
Result: NOTE Found the following Rd file(s) with Rd \link{} targets missing package anchors: revealjs_presentation.Rd: includes, render Please provide package anchors for all Rd \link{} targets not in the package itself and the base packages. Flavor: r-devel-windows-x86_64