Last updated on 2024-05-02 11:51:33 CEST.
Flavor | Version | Tinstall | Tcheck | Ttotal | Status | Flags |
---|---|---|---|---|---|---|
r-devel-linux-x86_64-debian-clang | 0.0.1 | 22.05 | 109.55 | 131.60 | NOTE | |
r-devel-linux-x86_64-debian-gcc | 0.0.1 | 17.98 | 84.17 | 102.15 | NOTE | |
r-devel-linux-x86_64-fedora-clang | 0.0.1 | 167.86 | NOTE | |||
r-devel-linux-x86_64-fedora-gcc | 0.0.1 | 176.81 | NOTE | |||
r-devel-windows-x86_64 | 0.0.1 | 19.00 | 158.00 | 177.00 | NOTE | |
r-patched-linux-x86_64 | 0.0.1 | 28.17 | 103.80 | 131.97 | NOTE | |
r-release-linux-x86_64 | 0.0.1 | 22.12 | 104.80 | 126.92 | NOTE | |
r-release-macos-arm64 | 0.0.1 | 43.00 | NOTE | |||
r-release-windows-x86_64 | 0.0.1 | 20.00 | 161.00 | 181.00 | NOTE | |
r-oldrel-macos-arm64 | 0.0.1 | 50.00 | OK | |||
r-oldrel-macos-x86_64 | 0.0.1 | 73.00 | OK | |||
r-oldrel-windows-x86_64 | 0.0.1 | 27.00 | 147.00 | 174.00 | OK |
Version: 0.0.1
Check: Rd files
Result: NOTE
checkRd: (-1) RiemannianMetric.Rd:450-453: Lost braces
450 | if (reticulate::py_module_available("geomstats")) {
| ^
checkRd: (-1) RiemannianMetric.Rd:484-487: Lost braces
484 | if (reticulate::py_module_available("geomstats")) {
| ^
checkRd: (-1) RiemannianMetric.Rd:588-591: Lost braces
588 | if (reticulate::py_module_available("geomstats")) {
| ^
Flavors: r-devel-linux-x86_64-debian-clang, r-devel-linux-x86_64-debian-gcc, r-devel-linux-x86_64-fedora-clang, r-devel-linux-x86_64-fedora-gcc, r-devel-windows-x86_64, r-patched-linux-x86_64, r-release-linux-x86_64, r-release-macos-arm64, r-release-windows-x86_64