Last updated on 2023-12-01 01:49:52 CET.
Flavor | Version | Tinstall | Tcheck | Ttotal | Status | Flags |
---|---|---|---|---|---|---|
r-devel-linux-x86_64-debian-clang | 0.2.2 | 11.48 | 105.42 | 116.90 | NOTE | |
r-devel-linux-x86_64-debian-gcc | 0.2.2 | 7.55 | 80.80 | 88.35 | NOTE | |
r-devel-linux-x86_64-fedora-clang | 0.2.2 | 150.19 | NOTE | |||
r-devel-linux-x86_64-fedora-gcc | 0.2.2 | 155.08 | NOTE | |||
r-devel-windows-x86_64 | 0.2.2 | 8.00 | 97.00 | 105.00 | OK | |
r-patched-linux-x86_64 | 0.2.2 | 7.60 | 102.74 | 110.34 | NOTE | |
r-release-linux-x86_64 | 0.2.2 | 6.21 | 103.16 | 109.37 | NOTE | |
r-release-macos-arm64 | 0.2.2 | 52.00 | OK | |||
r-release-macos-x86_64 | 0.2.2 | 93.00 | OK | |||
r-release-windows-x86_64 | 0.2.2 | 12.00 | 118.00 | 130.00 | OK | |
r-oldrel-macos-arm64 | 0.2.2 | 39.00 | NOTE | |||
r-oldrel-macos-x86_64 | 0.2.2 | 72.00 | NOTE | |||
r-oldrel-windows-x86_64 | 0.2.2 | 12.00 | 120.00 | 132.00 | OK |
Version: 0.2.2
Check: package dependencies
Result: NOTE
Package suggested but not available for checking: ‘rgdal’
Flavors: r-devel-linux-x86_64-debian-clang, r-devel-linux-x86_64-debian-gcc, r-devel-linux-x86_64-fedora-clang, r-devel-linux-x86_64-fedora-gcc, r-patched-linux-x86_64, r-release-linux-x86_64
Version: 0.2.2
Check: dependencies in R code
Result: NOTE
Namespaces in Imports field not imported from:
‘leaflet’ ‘pals’ ‘raster’ ‘sp’
All declared Imports should be used.
Flavors: r-devel-linux-x86_64-fedora-clang, r-devel-linux-x86_64-fedora-gcc, r-oldrel-macos-arm64, r-oldrel-macos-x86_64