Last updated on 2024-07-27 16:49:19 CEST.
Flavor | Version | Tinstall | Tcheck | Ttotal | Status | Flags |
---|---|---|---|---|---|---|
r-devel-linux-x86_64-debian-clang | 0.4.0 | 4.18 | 135.62 | 139.80 | OK | |
r-devel-linux-x86_64-debian-gcc | 0.4.0 | NOTE | ||||
r-devel-linux-x86_64-fedora-clang | 0.4.0 | 185.33 | OK | |||
r-devel-linux-x86_64-fedora-gcc | 0.4.0 | 187.18 | OK | |||
r-devel-windows-x86_64 | 0.4.0 | 11.00 | 111.00 | 122.00 | NOTE | |
r-patched-linux-x86_64 | 0.4.0 | OK | ||||
r-release-linux-x86_64 | 0.4.0 | 5.34 | 131.61 | 136.95 | OK | |
r-release-macos-arm64 | 0.4.0 | 59.00 | OK | |||
r-release-macos-x86_64 | 0.4.0 | 104.00 | OK | |||
r-release-windows-x86_64 | 0.4.0 | 9.00 | 120.00 | 129.00 | OK | |
r-oldrel-macos-arm64 | 0.4.0 | 68.00 | OK | |||
r-oldrel-macos-x86_64 | 0.4.0 | 107.00 | OK | |||
r-oldrel-windows-x86_64 | 0.4.0 | 12.00 | 135.00 | 147.00 | OK |
Version: 0.4.0
Check: Rd cross-references
Result: NOTE
Found the following Rd file(s) with Rd \link{} targets missing package
anchors:
conduct_ri.Rd: declare_ra, obtain_permutation_matrix
Please provide package anchors for all Rd \link{} targets not in the
package itself and the base packages.
Flavors: r-devel-linux-x86_64-debian-gcc, r-devel-windows-x86_64