Last updated on 2024-05-02 09:51:56 CEST.
Flavor | Version | Tinstall | Tcheck | Ttotal | Status | Flags |
---|---|---|---|---|---|---|
r-devel-linux-x86_64-debian-clang | 3.3 | 12.42 | 47.88 | 60.30 | OK | |
r-devel-linux-x86_64-debian-gcc | 3.3 | 8.22 | 40.67 | 48.89 | OK | |
r-devel-linux-x86_64-fedora-clang | 3.3 | 76.49 | OK | |||
r-devel-linux-x86_64-fedora-gcc | 3.3 | 79.05 | OK | |||
r-devel-windows-x86_64 | 3.3 | 15.00 | 69.00 | 84.00 | OK | |
r-patched-linux-x86_64 | 3.3 | 11.38 | 51.32 | 62.70 | OK | |
r-release-linux-x86_64 | 3.3 | 10.09 | 49.32 | 59.41 | OK | |
r-release-macos-arm64 | 3.3 | 33.00 | OK | |||
r-release-windows-x86_64 | 3.3 | 14.00 | 71.00 | 85.00 | OK | |
r-oldrel-macos-arm64 | 3.3 | 36.00 | OK | |||
r-oldrel-macos-x86_64 | 3.3 | 44.00 | ERROR | |||
r-oldrel-windows-x86_64 | 3.3 | 15.00 | 77.00 | 92.00 | OK |
Version: 3.3
Check: examples
Result: ERROR
Running examples in ‘ridge-Ex.R’ failed
The error most likely occurred in:
> ### Name: pvals
> ### Title: Compute p-values for ridgeLinear and ridgeLogistic models
> ### Aliases: pvals pvals.ridgeLinear pvals.ridgeLogistic
> ### plot.pvalsRidgeLinear plot.pvalsRidgeLogistic print.pvalsRidgeLinear
> ### print.pvalsRidgeLogistic
>
> ### ** Examples
>
> data(GenBin)
> mod <- logisticRidge(Phenotypes ~ ., data = as.data.frame(GenBin))
Execution halted
Flavor: r-oldrel-macos-x86_64