CRAN Package Check Results for Package rkvo

Last updated on 2025-02-05 07:50:24 CET.

Flavor Version Tinstall Tcheck Ttotal Status Flags
r-devel-linux-x86_64-debian-clang 0.1 10.99 21.23 32.22 OK
r-devel-linux-x86_64-debian-gcc 0.1 8.00 16.75 24.75 OK
r-devel-linux-x86_64-fedora-clang 0.1 55.66 NOTE
r-devel-linux-x86_64-fedora-gcc 0.1 53.78 NOTE
r-devel-windows-x86_64 0.1 13.00 63.00 76.00 OK
r-patched-linux-x86_64 0.1 11.25 20.28 31.53 NOTE
r-release-linux-x86_64 0.1 9.98 20.06 30.04 NOTE
r-release-macos-arm64 0.1 20.00 NOTE
r-release-macos-x86_64 0.1 32.00 NOTE
r-release-windows-x86_64 0.1 13.00 62.00 75.00 NOTE
r-oldrel-macos-arm64 0.1 21.00 NOTE
r-oldrel-macos-x86_64 0.1 30.00 NOTE
r-oldrel-windows-x86_64 0.1 15.00 66.00 81.00 NOTE

Check Details

Version: 0.1
Check: compiled code
Result: NOTE File ‘rkvo/libs/rkvo.so’: Found no calls to: ‘R_registerRoutines’, ‘R_useDynamicSymbols’ It is good practice to register native routines and to disable symbol search. See ‘Writing portable packages’ in the ‘Writing R Extensions’ manual. Flavors: r-devel-linux-x86_64-fedora-clang, r-devel-linux-x86_64-fedora-gcc

Version: 0.1
Check: LazyData
Result: NOTE 'LazyData' is specified without a 'data' directory Flavors: r-patched-linux-x86_64, r-release-linux-x86_64, r-release-macos-arm64, r-release-macos-x86_64, r-release-windows-x86_64, r-oldrel-macos-arm64, r-oldrel-macos-x86_64, r-oldrel-windows-x86_64