Last updated on 2024-07-27 16:49:19 CEST.
Flavor | Version | Tinstall | Tcheck | Ttotal | Status | Flags |
---|---|---|---|---|---|---|
r-devel-linux-x86_64-debian-clang | 0.5.1 | 5.74 | 113.26 | 119.00 | OK | |
r-devel-linux-x86_64-debian-gcc | 0.5.1 | OK | ||||
r-devel-linux-x86_64-fedora-clang | 0.5.1 | 148.01 | NOTE | |||
r-devel-linux-x86_64-fedora-gcc | 0.5.1 | 149.89 | NOTE | |||
r-devel-windows-x86_64 | 0.5.1 | 6.00 | 100.00 | 106.00 | OK | |
r-patched-linux-x86_64 | 0.5.1 | OK | ||||
r-release-linux-x86_64 | 0.5.1 | 3.42 | 108.83 | 112.25 | OK | |
r-release-macos-arm64 | 0.5.1 | 43.00 | OK | |||
r-release-macos-x86_64 | 0.5.1 | 174.00 | OK | |||
r-release-windows-x86_64 | 0.5.1 | 7.00 | 101.00 | 108.00 | OK | |
r-oldrel-macos-arm64 | 0.5.1 | 61.00 | OK | |||
r-oldrel-macos-x86_64 | 0.5.1 | 88.00 | OK | |||
r-oldrel-windows-x86_64 | 0.5.1 | 9.00 | 123.00 | 132.00 | OK |
Version: 0.5.1
Check: data for non-ASCII characters
Result: NOTE
Note: found 31 marked UTF-8 strings
Flavors: r-devel-linux-x86_64-fedora-clang, r-devel-linux-x86_64-fedora-gcc