CRAN Package Check Results for Package rmdpartials

Last updated on 2025-04-29 16:52:45 CEST.

Flavor Version Tinstall Tcheck Ttotal Status Flags
r-devel-linux-x86_64-debian-clang 0.5.8 1.65 32.08 33.73 NOTE
r-devel-linux-x86_64-debian-gcc 0.5.8 1.39 26.08 27.47 NOTE
r-devel-linux-x86_64-fedora-clang 0.5.8 52.19 NOTE
r-devel-linux-x86_64-fedora-gcc 0.5.8 64.78 NOTE
r-devel-windows-x86_64 0.5.8 3.00 50.00 53.00 NOTE
r-patched-linux-x86_64 0.5.8 1.81 30.05 31.86 NOTE
r-release-linux-x86_64 0.5.8 1.83 30.79 32.62 NOTE
r-release-macos-arm64 0.5.8 33.00 NOTE
r-release-macos-x86_64 0.5.8 54.00 NOTE
r-release-windows-x86_64 0.5.8 3.00 52.00 55.00 NOTE
r-oldrel-macos-arm64 0.5.8 24.00 NOTE
r-oldrel-macos-x86_64 0.5.8 39.00 NOTE
r-oldrel-windows-x86_64 0.5.8 3.00 53.00 56.00 NOTE

Check Details

Version: 0.5.8
Check: package subdirectories
Result: NOTE Problems with news in ‘NEWS.md’: No news entries found. Flavors: r-devel-linux-x86_64-debian-clang, r-devel-linux-x86_64-debian-gcc, r-devel-linux-x86_64-fedora-clang, r-devel-linux-x86_64-fedora-gcc, r-devel-windows-x86_64, r-patched-linux-x86_64, r-release-linux-x86_64, r-release-macos-arm64, r-release-macos-x86_64, r-release-windows-x86_64, r-oldrel-macos-arm64, r-oldrel-macos-x86_64, r-oldrel-windows-x86_64

Version: 0.5.8
Check: LazyData
Result: NOTE 'LazyData' is specified without a 'data' directory Flavors: r-oldrel-macos-arm64, r-oldrel-macos-x86_64, r-oldrel-windows-x86_64