CRAN Package Check Results for Package rmstcompsens

Last updated on 2025-04-30 01:50:35 CEST.

Flavor Version Tinstall Tcheck Ttotal Status Flags
r-devel-linux-x86_64-debian-clang 0.1.5 8.85 67.65 76.50 NOTE
r-devel-linux-x86_64-debian-gcc 0.1.5 5.87 49.92 55.79 NOTE
r-devel-linux-x86_64-fedora-clang 0.1.5 114.02 OK
r-devel-linux-x86_64-fedora-gcc 0.1.5 109.14 OK
r-devel-windows-x86_64 0.1.5 10.00 76.00 86.00 OK
r-patched-linux-x86_64 0.1.5 8.99 62.40 71.39 OK
r-release-linux-x86_64 0.1.5 8.14 61.90 70.04 OK
r-release-macos-arm64 0.1.5 35.00 OK
r-release-macos-x86_64 0.1.5 63.00 OK
r-release-windows-x86_64 0.1.5 10.00 73.00 83.00 OK
r-oldrel-macos-arm64 0.1.5 33.00 OK
r-oldrel-macos-x86_64 0.1.5 58.00 OK
r-oldrel-windows-x86_64 0.1.5 12.00 88.00 100.00 OK

Check Details

Version: 0.1.5
Check: CRAN incoming feasibility
Result: NOTE Maintainer: ‘Kentaro Ueno <ueno_kentaro@kuhp.kyoto-u.ac.jp>’ No Authors@R field in DESCRIPTION. Please add one, modifying Authors@R: person(given = "Kentaro", family = "Ueno", role = c("aut", "cre"), email = "ueno_kentaro@kuhp.kyoto-u.ac.jp") as necessary. Flavors: r-devel-linux-x86_64-debian-clang, r-devel-linux-x86_64-debian-gcc