Last updated on 2024-08-31 22:49:48 CEST.
Flavor | Version | Tinstall | Tcheck | Ttotal | Status | Flags |
---|---|---|---|---|---|---|
r-devel-linux-x86_64-debian-clang | 5.2.1-30 | 281.40 | 45.13 | 326.53 | NOTE | |
r-devel-linux-x86_64-debian-gcc | 5.2.1-30 | 157.66 | 33.12 | 190.78 | NOTE | |
r-devel-linux-x86_64-fedora-clang | 5.2.1-30 | 543.16 | NOTE | |||
r-devel-linux-x86_64-fedora-gcc | 5.2.1-30 | 528.73 | NOTE | |||
r-devel-windows-x86_64 | 5.2.1-30 | 263.00 | 98.00 | 361.00 | NOTE | |
r-patched-linux-x86_64 | 5.2.1-30 | 216.10 | 43.01 | 259.11 | NOTE | |
r-release-linux-x86_64 | 5.2.1-30 | 221.55 | 43.16 | 264.71 | NOTE | |
r-release-macos-arm64 | 5.2.1-30 | 205.00 | NOTE | |||
r-release-macos-x86_64 | 5.2.1-30 | 182.00 | NOTE | |||
r-release-windows-x86_64 | 5.2.1-30 | 299.00 | 99.00 | 398.00 | NOTE | |
r-oldrel-macos-arm64 | 5.2.1-30 | 209.00 | NOTE | |||
r-oldrel-macos-x86_64 | 5.2.1-30 | 180.00 | NOTE | |||
r-oldrel-windows-x86_64 | 5.2.1-30 | 266.00 | 123.00 | 389.00 | NOTE |
Version: 5.2.1-30
Check: for GNU extensions in Makefiles
Result: NOTE
GNU make is a SystemRequirements.
Flavors: r-devel-linux-x86_64-debian-clang, r-devel-linux-x86_64-debian-gcc, r-devel-linux-x86_64-fedora-clang, r-devel-linux-x86_64-fedora-gcc, r-devel-windows-x86_64, r-patched-linux-x86_64, r-release-linux-x86_64, r-release-macos-arm64, r-release-macos-x86_64, r-release-windows-x86_64, r-oldrel-macos-arm64, r-oldrel-macos-x86_64, r-oldrel-windows-x86_64
Version: 5.2.1-30
Check: installed package size
Result: NOTE
installed size is 12.2Mb
sub-directories of 1Mb or more:
libs 11.9Mb
Flavors: r-release-macos-arm64, r-release-macos-x86_64, r-oldrel-macos-arm64, r-oldrel-macos-x86_64