Last updated on 2025-04-30 06:51:29 CEST.
Flavor | Version | Tinstall | Tcheck | Ttotal | Status | Flags |
---|---|---|---|---|---|---|
r-devel-linux-x86_64-debian-clang | 1.0.1 | 22.12 | 206.60 | 228.72 | OK | |
r-devel-linux-x86_64-debian-gcc | 1.0.1 | 13.54 | 132.84 | 146.38 | OK | |
r-devel-linux-x86_64-fedora-clang | 1.0.1 | 375.96 | OK | |||
r-devel-linux-x86_64-fedora-gcc | 1.0.1 | 373.20 | OK | |||
r-devel-windows-x86_64 | 1.0.1 | 21.00 | 176.00 | 197.00 | OK | |
r-patched-linux-x86_64 | 1.0.1 | 21.82 | 196.51 | 218.33 | OK | |
r-release-linux-x86_64 | 1.0.1 | 20.75 | 195.39 | 216.14 | OK | |
r-release-macos-arm64 | 1.0.1 | 92.00 | OK | |||
r-release-macos-x86_64 | 1.0.1 | 226.00 | OK | |||
r-release-windows-x86_64 | 1.0.1 | 20.00 | 171.00 | 191.00 | OK | |
r-oldrel-macos-arm64 | 1.0.1 | 91.00 | NOTE | |||
r-oldrel-macos-x86_64 | 1.0.1 | 150.00 | NOTE | |||
r-oldrel-windows-x86_64 | 1.0.1 | 27.00 | 233.00 | 260.00 | NOTE |
Version: 1.0.1
Check: package dependencies
Result: NOTE
Package suggested but not available for checking: ‘rnaturalearthhires’
Flavors: r-oldrel-macos-arm64, r-oldrel-macos-x86_64, r-oldrel-windows-x86_64