Last updated on 2023-09-25 04:00:54 CEST.
Flavor | Version | Tinstall | Tcheck | Ttotal | Status | Flags |
---|---|---|---|---|---|---|
r-devel-linux-x86_64-debian-clang | 1.2-3 | 33.92 | 114.25 | 148.17 | OK | |
r-devel-linux-x86_64-debian-gcc | 1.2-3 | 22.57 | 87.12 | 109.69 | OK | |
r-devel-linux-x86_64-fedora-clang | 1.2-3 | 190.02 | OK | |||
r-devel-linux-x86_64-fedora-gcc | 1.2-3 | 210.73 | OK | |||
r-devel-windows-x86_64 | 1.2-3 | 27.00 | 116.00 | 143.00 | OK | |
r-patched-linux-x86_64 | 1.2-3 | 33.98 | 112.32 | 146.30 | OK | |
r-release-linux-x86_64 | 1.2-3 | 31.55 | 112.42 | 143.97 | OK | |
r-release-macos-arm64 | 1.2-3 | 55.00 | OK | |||
r-release-macos-x86_64 | 1.2-3 | 91.00 | NOTE | |||
r-release-windows-x86_64 | 1.2-3 | 35.00 | 140.00 | 175.00 | OK | |
r-oldrel-macos-arm64 | 1.2-3 | 58.00 | OK | |||
r-oldrel-macos-x86_64 | 1.2-3 | 72.00 | OK | |||
r-oldrel-windows-x86_64 | 1.2-3 | 35.00 | 141.00 | 176.00 | OK |
Version: 1.2-3
Check: package dependencies
Result: NOTE
Package suggested but not available for checking: ‘robustbase’
Flavor: r-release-macos-x86_64