Last updated on 2024-05-02 11:51:33 CEST.
Flavor | Version | Tinstall | Tcheck | Ttotal | Status | Flags |
---|---|---|---|---|---|---|
r-devel-linux-x86_64-debian-clang | 1.1.3 | 10.90 | 104.87 | 115.77 | NOTE | |
r-devel-linux-x86_64-debian-gcc | 1.1.3 | 7.92 | 78.64 | 86.56 | NOTE | |
r-devel-linux-x86_64-fedora-clang | 1.1.3 | 162.03 | NOTE | |||
r-devel-linux-x86_64-fedora-gcc | 1.1.3 | 177.91 | NOTE | |||
r-devel-windows-x86_64 | 1.1.3 | 14.00 | 104.00 | 118.00 | NOTE | |
r-patched-linux-x86_64 | 1.1.3 | 12.89 | 101.00 | 113.89 | NOTE | |
r-release-linux-x86_64 | 1.1.3 | 6.59 | 101.82 | 108.41 | NOTE | |
r-release-macos-arm64 | 1.1.3 | 58.00 | NOTE | |||
r-release-windows-x86_64 | 1.1.3 | 13.00 | 101.00 | 114.00 | NOTE | |
r-oldrel-macos-arm64 | 1.1.3 | 54.00 | OK | |||
r-oldrel-macos-x86_64 | 1.1.3 | 109.00 | OK | |||
r-oldrel-windows-x86_64 | 1.1.3 | 16.00 | 120.00 | 136.00 | OK |
Version: 1.1.3
Check: Rd files
Result: NOTE
checkRd: (-1) update_tidy_omic.Rd:16-17: Lost braces
16 | in \code{updated_tidy_data} (names) and the table {features, samples,
| ^
Flavors: r-devel-linux-x86_64-debian-clang, r-devel-linux-x86_64-debian-gcc, r-devel-linux-x86_64-fedora-clang, r-devel-linux-x86_64-fedora-gcc, r-devel-windows-x86_64, r-patched-linux-x86_64, r-release-linux-x86_64, r-release-macos-arm64, r-release-windows-x86_64