Last updated on 2025-04-30 13:54:28 CEST.
Flavor | Version | Tinstall | Tcheck | Ttotal | Status | Flags |
---|---|---|---|---|---|---|
r-devel-linux-x86_64-debian-clang | 0.1.1 | 3.72 | 33.31 | 37.03 | NOTE | |
r-devel-linux-x86_64-debian-gcc | 0.1.1 | 2.63 | 24.74 | 27.37 | NOTE | |
r-devel-linux-x86_64-fedora-clang | 0.1.1 | 54.10 | OK | |||
r-devel-linux-x86_64-fedora-gcc | 0.1.1 | 52.39 | OK | |||
r-devel-windows-x86_64 | 0.1.1 | 5.00 | 56.00 | 61.00 | OK | |
r-patched-linux-x86_64 | 0.1.1 | 3.63 | 29.90 | 33.53 | OK | |
r-release-linux-x86_64 | 0.1.1 | 3.82 | 30.40 | 34.22 | OK | |
r-release-macos-arm64 | 0.1.1 | 21.00 | OK | |||
r-release-macos-x86_64 | 0.1.1 | 34.00 | OK | |||
r-release-windows-x86_64 | 0.1.1 | 6.00 | 53.00 | 59.00 | OK | |
r-oldrel-macos-arm64 | 0.1.1 | 22.00 | OK | |||
r-oldrel-macos-x86_64 | 0.1.1 | 29.00 | OK | |||
r-oldrel-windows-x86_64 | 0.1.1 | 6.00 | 58.00 | 64.00 | OK |
Version: 0.1.1
Check: DESCRIPTION meta-information
Result: NOTE
Author field differs from that derived from Authors@R
Author: ‘Max Czapanskiy [aut, cre] (0000-0002-6302-905X), Shirel Kahane-Rapport [aut] (<https://orcid.org/0000-0002-5208-1100>), Jeremy Goldbogen [aut] (<https://orcid.org/0000-0002-4170-7294>)’
Authors@R: ‘Max Czapanskiy [aut, cre] (ORCID-ID: 0000-0002-6302-905X), Shirel Kahane-Rapport [aut] (ORCID: <https://orcid.org/0000-0002-5208-1100>), Jeremy Goldbogen [aut] (ORCID: <https://orcid.org/0000-0002-4170-7294>)’
Flavors: r-devel-linux-x86_64-debian-clang, r-devel-linux-x86_64-debian-gcc