Last updated on 2024-05-02 06:12:01 CEST.
Flavor | Version | Tinstall | Tcheck | Ttotal | Status | Flags |
---|---|---|---|---|---|---|
r-devel-linux-x86_64-debian-clang | 9.3.3.1 | 288.25 | 43.02 | 331.27 | NOTE | |
r-devel-linux-x86_64-debian-gcc | 9.3.3.1 | 250.83 | 32.77 | 283.60 | NOTE | |
r-devel-linux-x86_64-fedora-clang | 9.3.3.1 | 451.65 | NOTE | |||
r-devel-linux-x86_64-fedora-gcc | 9.3.3.1 | 534.81 | NOTE | |||
r-devel-windows-x86_64 | 9.3.3.1 | 887.00 | 78.00 | 965.00 | NOTE | |
r-patched-linux-x86_64 | 9.3.3.1 | 285.89 | 41.33 | 327.22 | NOTE | |
r-release-linux-x86_64 | 9.3.3.1 | 292.27 | 41.51 | 333.78 | NOTE | |
r-release-macos-arm64 | 9.3.3.1 | 184.00 | NOTE | |||
r-release-macos-x86_64 | 9.3.5 | 340.00 | NOTE | |||
r-release-windows-x86_64 | 9.3.3.1 | 899.00 | 76.00 | 975.00 | NOTE | |
r-oldrel-macos-arm64 | 9.3.3.1 | 187.00 | NOTE | |||
r-oldrel-macos-x86_64 | 9.3.5 | 343.00 | NOTE | |||
r-oldrel-windows-x86_64 | 9.3.3.1 | 919.00 | 84.00 | 1003.00 | NOTE |
Version: 9.3.3.1
Check: for GNU extensions in Makefiles
Result: NOTE
GNU make is a SystemRequirements.
Flavors: r-devel-linux-x86_64-debian-clang, r-devel-linux-x86_64-debian-gcc, r-devel-linux-x86_64-fedora-clang, r-devel-linux-x86_64-fedora-gcc, r-devel-windows-x86_64, r-patched-linux-x86_64, r-release-linux-x86_64, r-release-macos-arm64, r-release-windows-x86_64, r-oldrel-macos-arm64, r-oldrel-windows-x86_64
Version: 9.3.3.1
Check: installed package size
Result: NOTE
installed size is 17.7Mb
sub-directories of 1Mb or more:
swipl 17.3Mb
Flavors: r-devel-linux-x86_64-fedora-clang, r-devel-windows-x86_64, r-release-macos-arm64, r-release-windows-x86_64, r-oldrel-macos-arm64, r-oldrel-windows-x86_64
Version: 9.3.5
Check: installed package size
Result: NOTE
installed size is 23.3Mb
sub-directories of 1Mb or more:
swipl 23.0Mb
Flavors: r-release-macos-x86_64, r-oldrel-macos-x86_64
Version: 9.3.5
Check: for GNU extensions in Makefiles
Result: NOTE
GNU make is a SystemRequirements.
Flavors: r-release-macos-x86_64, r-oldrel-macos-x86_64