Last updated on 2025-04-30 18:51:42 CEST.
Flavor | Version | Tinstall | Tcheck | Ttotal | Status | Flags |
---|---|---|---|---|---|---|
r-devel-linux-x86_64-debian-clang | 0.1.0 | 9.03 | 167.80 | 176.83 | NOTE | |
r-devel-linux-x86_64-debian-gcc | 0.1.0 | 6.18 | 109.14 | 115.32 | OK | |
r-devel-linux-x86_64-fedora-clang | 0.1.0 | 301.66 | OK | |||
r-devel-linux-x86_64-fedora-gcc | 0.1.0 | 292.61 | OK | |||
r-devel-windows-x86_64 | 0.1.0 | 10.00 | 156.00 | 166.00 | OK | |
r-patched-linux-x86_64 | 0.1.0 | 8.38 | 154.47 | 162.85 | OK | |
r-release-linux-x86_64 | 0.1.0 | 8.47 | 154.29 | 162.76 | OK | |
r-release-macos-arm64 | 0.1.0 | 84.00 | OK | |||
r-release-macos-x86_64 | 0.1.0 | 162.00 | OK | |||
r-release-windows-x86_64 | 0.1.0 | 12.00 | 153.00 | 165.00 | OK | |
r-oldrel-macos-arm64 | 0.1.0 | 82.00 | OK | |||
r-oldrel-macos-x86_64 | 0.1.0 | 174.00 | OK | |||
r-oldrel-windows-x86_64 | 0.1.0 | 12.00 | 203.00 | 215.00 | OK |
Version: 0.1.0
Check: examples
Result: NOTE
Examples with CPU (user + system) or elapsed time > 5s
user system elapsed
tt_to_flextable 4.052 0.216 5.542
Flavor: r-devel-linux-x86_64-debian-clang