Last updated on 2025-02-04 16:49:23 CET.
Flavor | Version | Tinstall | Tcheck | Ttotal | Status | Flags |
---|---|---|---|---|---|---|
r-devel-linux-x86_64-debian-clang | 0.27 | 4.09 | 32.21 | 36.30 | OK | |
r-devel-linux-x86_64-debian-gcc | 0.27 | 3.25 | 24.91 | 28.16 | OK | |
r-devel-linux-x86_64-fedora-clang | 0.27 | 57.91 | OK | |||
r-devel-linux-x86_64-fedora-gcc | 0.27 | 56.02 | OK | |||
r-devel-windows-x86_64 | 0.27 | 10.00 | 65.00 | 75.00 | OK | |
r-patched-linux-x86_64 | 0.27 | 5.25 | 30.89 | 36.14 | NOTE | |
r-release-linux-x86_64 | 0.27 | 4.12 | 31.15 | 35.27 | NOTE | |
r-release-macos-arm64 | 0.27 | 23.00 | NOTE | |||
r-release-macos-x86_64 | 0.27 | 36.00 | NOTE | |||
r-release-windows-x86_64 | 0.27 | 8.00 | 54.00 | 62.00 | NOTE | |
r-oldrel-macos-arm64 | 0.27 | 27.00 | NOTE | |||
r-oldrel-macos-x86_64 | 0.27 | 47.00 | NOTE | |||
r-oldrel-windows-x86_64 | 0.27 | 10.00 | 62.00 | 72.00 | NOTE |
Version: 0.27
Check: for GNU extensions in Makefiles
Result: NOTE
GNU make is a SystemRequirements.
Flavors: r-patched-linux-x86_64, r-release-linux-x86_64, r-release-macos-arm64, r-release-macos-x86_64, r-release-windows-x86_64, r-oldrel-macos-arm64, r-oldrel-macos-x86_64, r-oldrel-windows-x86_64
Version: 0.27
Check: installed package size
Result: NOTE
installed size is 11.4Mb
sub-directories of 1Mb or more:
rmarkdown 11.1Mb
Flavors: r-release-macos-arm64, r-release-macos-x86_64, r-release-windows-x86_64, r-oldrel-macos-arm64, r-oldrel-macos-x86_64, r-oldrel-windows-x86_64