Last updated on 2023-11-28 08:56:39 CET.
Flavor | Version | Tinstall | Tcheck | Ttotal | Status | Flags |
---|---|---|---|---|---|---|
r-devel-linux-x86_64-debian-clang | 5.0.0 | 10.30 | 210.97 | 221.27 | OK | |
r-devel-linux-x86_64-debian-gcc | 5.0.0 | 7.79 | 155.82 | 163.61 | OK | |
r-devel-linux-x86_64-fedora-clang | 5.0.0 | 283.74 | NOTE | |||
r-devel-linux-x86_64-fedora-gcc | 5.0.0 | 299.70 | NOTE | |||
r-devel-windows-x86_64 | 5.0.0 | 10.00 | 197.00 | 207.00 | OK | |
r-patched-linux-x86_64 | 5.0.0 | 9.38 | 198.20 | 207.58 | OK | |
r-release-linux-x86_64 | 5.0.0 | 7.12 | 198.66 | 205.78 | OK | |
r-release-macos-arm64 | 5.0.0 | 99.00 | OK | |||
r-release-macos-x86_64 | 5.0.0 | 153.00 | OK | |||
r-release-windows-x86_64 | 5.0.0 | 12.00 | 229.00 | 241.00 | OK | |
r-oldrel-macos-arm64 | 5.0.0 | 85.00 | NOTE | |||
r-oldrel-macos-x86_64 | 5.0.0 | 140.00 | NOTE | |||
r-oldrel-windows-x86_64 | 5.0.0 | 12.00 | 230.00 | 242.00 | OK |
Version: 5.0.0
Check: dependencies in R code
Result: NOTE
Namespaces in Imports field not imported from:
‘DescTools’ ‘MASS’ ‘gridExtra’
All declared Imports should be used.
Flavors: r-devel-linux-x86_64-fedora-clang, r-devel-linux-x86_64-fedora-gcc, r-oldrel-macos-arm64, r-oldrel-macos-x86_64