Last updated on 2025-02-04 16:49:23 CET.
Flavor | Version | Tinstall | Tcheck | Ttotal | Status | Flags |
---|---|---|---|---|---|---|
r-devel-linux-x86_64-debian-clang | 1.0.4 | 5.37 | 64.48 | 69.85 | NOTE | |
r-devel-linux-x86_64-debian-gcc | 1.0.4 | 4.07 | 48.66 | 52.73 | NOTE | |
r-devel-linux-x86_64-fedora-clang | 1.0.4 | 113.04 | OK | |||
r-devel-linux-x86_64-fedora-gcc | 1.0.4 | 120.43 | OK | |||
r-devel-windows-x86_64 | 1.0.4 | 9.00 | 86.00 | 95.00 | OK | |
r-patched-linux-x86_64 | 1.0.4 | 5.37 | 60.64 | 66.01 | OK | |
r-release-linux-x86_64 | 1.0.4 | 5.62 | 60.02 | 65.64 | OK | |
r-release-macos-arm64 | 1.0.4 | 48.00 | OK | |||
r-release-macos-x86_64 | 1.0.4 | 78.00 | OK | |||
r-release-windows-x86_64 | 1.0.4 | 8.00 | 85.00 | 93.00 | OK | |
r-oldrel-macos-arm64 | 1.0.4 | 54.00 | OK | |||
r-oldrel-macos-x86_64 | 1.0.4 | 83.00 | OK | |||
r-oldrel-windows-x86_64 | 1.0.4 | 8.00 | 94.00 | 102.00 | OK |
Version: 1.0.4
Check: for unstated dependencies in ‘demo’
Result: NOTE
'::' or ':::' import not declared from: ‘purrr’
'library' or 'require' call not declared from: ‘tidyr’
Flavors: r-devel-linux-x86_64-debian-clang, r-devel-linux-x86_64-debian-gcc