Last updated on 2023-11-28 23:04:49 CET.
Flavor | Version | Tinstall | Tcheck | Ttotal | Status | Flags |
---|---|---|---|---|---|---|
r-devel-linux-x86_64-debian-clang | 2.0.10 | 101.46 | 71.70 | 173.16 | OK | |
r-devel-linux-x86_64-debian-gcc | 2.0.10 | 75.18 | 52.40 | 127.58 | OK | |
r-devel-linux-x86_64-fedora-clang | 2.0.10 | 235.19 | OK | |||
r-devel-linux-x86_64-fedora-gcc | 2.0.10 | 244.96 | OK | |||
r-devel-windows-x86_64 | 2.0.10 | 78.00 | 103.00 | 181.00 | OK | |
r-patched-linux-x86_64 | 2.0.10 | 86.97 | 65.06 | 152.03 | OK | |
r-release-linux-x86_64 | 2.0.10 | 88.35 | 65.88 | 154.23 | OK | |
r-release-macos-arm64 | 2.0.10 | 61.00 | NOTE | |||
r-release-macos-x86_64 | 2.0.10 | 100.00 | NOTE | |||
r-release-windows-x86_64 | 2.0.10 | 104.00 | 110.00 | 214.00 | OK | |
r-oldrel-macos-arm64 | 2.0.10 | 50.00 | NOTE | |||
r-oldrel-macos-x86_64 | 2.0.10 | 76.00 | NOTE | |||
r-oldrel-windows-x86_64 | 2.0.10 | 80.00 | 105.00 | 185.00 | OK |
Version: 2.0.10
Check: installed package size
Result: NOTE
installed size is 7.2Mb
sub-directories of 1Mb or more:
libs 7.0Mb
Flavors: r-release-macos-arm64, r-release-macos-x86_64, r-oldrel-macos-arm64, r-oldrel-macos-x86_64