Last updated on 2024-04-27 07:52:55 CEST.
Flavor | Version | Tinstall | Tcheck | Ttotal | Status | Flags |
---|---|---|---|---|---|---|
r-devel-linux-x86_64-debian-clang | 0.1.0 | 6.36 | 55.73 | 62.09 | NOTE | |
r-devel-linux-x86_64-debian-gcc | 0.1.0 | 5.47 | 42.04 | 47.51 | NOTE | |
r-devel-linux-x86_64-fedora-clang | 0.1.0 | 80.43 | NOTE | |||
r-devel-linux-x86_64-fedora-gcc | 0.1.0 | 76.49 | NOTE | |||
r-devel-windows-x86_64 | 0.1.0 | 7.00 | 61.00 | 68.00 | NOTE | |
r-patched-linux-x86_64 | 0.1.0 | 6.92 | 53.46 | 60.38 | NOTE | |
r-release-linux-x86_64 | 0.1.0 | 5.65 | 54.92 | 60.57 | NOTE | |
r-release-macos-arm64 | 0.1.0 | 29.00 | NOTE | |||
r-release-windows-x86_64 | 0.1.0 | 7.00 | 60.00 | 67.00 | NOTE | |
r-oldrel-macos-arm64 | 0.1.0 | 30.00 | NOTE | |||
r-oldrel-macos-x86_64 | 0.1.0 | 41.00 | NOTE | |||
r-oldrel-windows-x86_64 | 0.1.0 | 8.00 | 69.00 | 77.00 | NOTE |
Version: 0.1.0
Check: LazyData
Result: NOTE
'LazyData' is specified without a 'data' directory
Flavors: r-devel-linux-x86_64-debian-clang, r-devel-linux-x86_64-debian-gcc, r-devel-linux-x86_64-fedora-clang, r-devel-linux-x86_64-fedora-gcc, r-devel-windows-x86_64, r-patched-linux-x86_64, r-release-linux-x86_64, r-release-macos-arm64, r-release-windows-x86_64, r-oldrel-macos-arm64, r-oldrel-macos-x86_64, r-oldrel-windows-x86_64